{"id":756,"date":"2024-02-20T18:18:14","date_gmt":"2024-02-20T17:18:14","guid":{"rendered":"https:\/\/advtime.eu\/?page_id=756"},"modified":"2025-12-02T09:36:38","modified_gmt":"2025-12-02T08:36:38","slug":"07-april-2024-paetschman-thaiventure","status":"publish","type":"page","link":"https:\/\/advtime.eu\/index.php\/07-april-2024-paetschman-thaiventure\/","title":{"rendered":"06. Dezember 2025 Paetschman &#8211; Thaiventure"},"content":{"rendered":"\n<p>(Ersatztermin f\u00fcr die ausgefallene Veranstaltung)<\/p>\n\n\n\n<p><strong>Dennis Ciminsk<\/strong>i und <strong>Paetschman<\/strong> machten sich im November 2023 auf in den <strong>Norden Thailands. In der neuen Multivision k\u00f6nnt Ihr die Abenteuer der beiden Best Buddy\u00b4s Hautnah miterleben. <\/strong><br><strong>Als w\u00e4re der heimische Winter nicht genug Motivation locken zwei Suzuki V-Strom 650 Motorr\u00e4der und die Aussicht auf sommerliche Temperaturen, kulinarische Gen\u00fcsse (und Herausforderungen) <\/strong>und eine geballte Ladung Farben, Ger\u00fcche und Eindr\u00fccke abseits der \u00fcblichen Routen. Ein Besuch bei den Hilltribes wird durch eine rasante Fahrt auf dem Longtailboot durch den Jungle zum Highlight.<\/p>\n\n\n\n<figure class=\"wp-block-image size-full\"><img loading=\"lazy\" decoding=\"async\" width=\"1000\" height=\"667\" src=\"https:\/\/advtime.eu\/wp-content\/uploads\/2024\/02\/196A2629web.jpg\" alt=\"\" class=\"wp-image-758\" srcset=\"https:\/\/advtime.eu\/wp-content\/uploads\/2024\/02\/196A2629web.jpg 1000w, https:\/\/advtime.eu\/wp-content\/uploads\/2024\/02\/196A2629web-300x200.jpg 300w, https:\/\/advtime.eu\/wp-content\/uploads\/2024\/02\/196A2629web-768x512.jpg 768w\" sizes=\"auto, (max-width: 767px) 89vw, (max-width: 1000px) 54vw, (max-width: 1071px) 543px, 580px\" \/><\/figure>\n\n\n\n<p>Die Tage im Pai zu einer einzigen Party.<br>Mit den kleinen Maschinen geht es f\u00fcr die beiden \u201einkognito\u201c in den \u00e4u\u00dfersten Norden Thailands zur Grenze nach <strong>Myanmar<\/strong>. Nach dem verwerten Grenz\u00fcbertritt an der Grenze in <strong>Mae Sai<\/strong> zeigt sich das Schicksal wieder einmal als guter Ratgeber denn der n\u00e4chste Morgen \u00fcberrascht mit der Nachricht \u00fcber den gerade &nbsp;im Nachbarland ausgebrochenen Krieg zwischen Milizen und der Milit\u00e4rjunta.<br>Nicht aus zu denken den Reiz am Grenz\u00fcbertritt mit einer Odyssee in den Kriegswirren bezahlen zu m\u00fcssen.<br>Die beiden Abenteurer setzen so ihre Reise im goldene Dreieck fort und folgen dem <strong>Mekong<\/strong> entlang der Grenze gen <strong>Laos<\/strong> um sich inmitten der Geschichte des Opiumhandels wieder zu finden.<\/p>\n\n\n\n<figure class=\"wp-block-image size-full\"><img loading=\"lazy\" decoding=\"async\" width=\"1000\" height=\"667\" src=\"https:\/\/advtime.eu\/wp-content\/uploads\/2024\/02\/196A3056web.jpg\" alt=\"\" class=\"wp-image-759\" srcset=\"https:\/\/advtime.eu\/wp-content\/uploads\/2024\/02\/196A3056web.jpg 1000w, https:\/\/advtime.eu\/wp-content\/uploads\/2024\/02\/196A3056web-300x200.jpg 300w, https:\/\/advtime.eu\/wp-content\/uploads\/2024\/02\/196A3056web-768x512.jpg 768w\" sizes=\"auto, (max-width: 767px) 89vw, (max-width: 1000px) 54vw, (max-width: 1071px) 543px, 580px\" \/><\/figure>\n\n\n\n<p><br>In Phu Shi Fa lockte endlich wieder eine Nacht im Zelt in luftiger H\u00f6he. Die Fahrt in die Frische wird mit einem unvergesslichem Ausblick aus dem Zelt belohnt und lange in Erinnerung bleiben.<br>Herzliche Gastfreundschaft und kulinarische Freuden begleiten Dennis und Paetschman auch auf dem weiteren Weg. Eine als Homestay deklarierte \u00dcbernachtungsm\u00f6glichkeit entpuppt sich zu einem Ort der einl\u00e4dt mehr als eine Nacht zu bleiben und die Gespr\u00e4che und Sonnenunterg\u00e4nge \u00fcber den Reisfeldern werden lange im Sinn bleiben. Kein Wunder, dass die fahrerischen Highlights der bisherigen Reise am Lagerfeuer noch einmal rekapituliert werden. So manche Ausschm\u00fcckung inklusive.<\/p>\n\n\n\n<figure class=\"wp-block-image size-full\"><img loading=\"lazy\" decoding=\"async\" width=\"1000\" height=\"667\" src=\"https:\/\/advtime.eu\/wp-content\/uploads\/2024\/02\/196A3495web.jpg\" alt=\"\" class=\"wp-image-760\" srcset=\"https:\/\/advtime.eu\/wp-content\/uploads\/2024\/02\/196A3495web.jpg 1000w, https:\/\/advtime.eu\/wp-content\/uploads\/2024\/02\/196A3495web-300x200.jpg 300w, https:\/\/advtime.eu\/wp-content\/uploads\/2024\/02\/196A3495web-768x512.jpg 768w\" sizes=\"auto, (max-width: 767px) 89vw, (max-width: 1000px) 54vw, (max-width: 1071px) 543px, 580px\" \/><\/figure>\n\n\n\n<p><br>Die Stille dieser Orte durchbricht das quirlige Leben <strong>Bangkoks<\/strong> und bereitete nur schwach auf Fausthiebe und Tritte in <strong>Chiang Mai<\/strong> vor.<\/p>\n\n\n\n<p>Lasst Euch von unseren Erlebnissen in den Bann ziehen, wenn Paetschman im Rahmen der Reihe <strong>Paetschman Proudly Presents<\/strong> in der <strong>W-Tec<\/strong> Wuppertal von j\u00fcngsten Abenteuer der beiden erz\u00e4hlt.<br><br>Abermals k\u00f6nnt ihr die Multivision in den R\u00e4umlichkeiten der W-Tec Haus zwei genie\u00dfen. Ihr findet den Vortragssaal im Dachgeschoss. Der Aufzug bringt nicht nur weniger Mobile bequem bis vor den Saal.<br><br>\u00dcbrigens &#8211; die &#8222;Motorrad-Abenteuer&#8220; berichtet in der aktuellen (Dezember \/ Januar 2026) Ausgabe mit einem 12-seitigen Bericht \u00fcber unsere Reise. <br><\/p>\n\n\n<div class=\"wp-block-image\">\n<figure class=\"aligncenter size-large is-resized\"><img decoding=\"async\" src=\"https:\/\/www.tourenfahrer.de\/fileadmin\/user_upload\/Titel_MOTORRADABENTEUER_1_2026.jpg\" alt=\"\" style=\"width:200px\"\/><\/figure><\/div>\n\n\n<p><br>Hier bekommt ihr die begehrten <strong>Tickets<\/strong>:<a href=\"https:\/\/www.wuppertal-live.de\/shop\/504445\"><br><\/a><a href=\"https:\/\/www.wuppertal-live.de\/601926\">https:\/\/www.wuppertal-live.de\/shop\/562663<\/a><br><\/p>\n\n\n\n<figure class=\"wp-block-image size-full\"><a href=\"https:\/\/www.wuppertal-live.de\/shop\/562663\" target=\"_blank\" rel=\"noreferrer noopener\"><img loading=\"lazy\" decoding=\"async\" width=\"432\" height=\"117\" src=\"https:\/\/advtime.eu\/wp-content\/uploads\/2019\/12\/Logo.jpg\" alt=\"\" class=\"wp-image-40\" srcset=\"https:\/\/advtime.eu\/wp-content\/uploads\/2019\/12\/Logo.jpg 432w, https:\/\/advtime.eu\/wp-content\/uploads\/2019\/12\/Logo-300x81.jpg 300w\" sizes=\"auto, (max-width: 432px) 100vw, 432px\" \/><\/a><figcaption class=\"wp-element-caption\">Paetschman Proudly Presents Tickets im VVK. Online und bei den angeschlossenen Ticketshops<\/figcaption><\/figure>\n","protected":false},"excerpt":{"rendered":"<p>(Ersatztermin f\u00fcr die ausgefallene Veranstaltung) Dennis Ciminski und Paetschman machten sich im November 2023 auf in den Norden Thailands. In der neuen Multivision k\u00f6nnt Ihr die Abenteuer der beiden Best Buddy\u00b4s Hautnah miterleben. Als w\u00e4re der heimische Winter nicht genug Motivation locken zwei Suzuki V-Strom 650 Motorr\u00e4der und die Aussicht auf sommerliche Temperaturen, kulinarische Gen\u00fcsse &hellip; <\/p>\n<p class=\"link-more\"><a href=\"https:\/\/advtime.eu\/index.php\/07-april-2024-paetschman-thaiventure\/\" class=\"more-link\"><span class=\"screen-reader-text\">\u201e06. Dezember 2025 Paetschman &#8211; Thaiventure\u201c<\/span> weiterlesen<\/a><\/p>\n","protected":false},"author":3,"featured_media":752,"parent":0,"menu_order":4,"comment_status":"closed","ping_status":"closed","template":"","meta":{"footnotes":""},"class_list":["post-756","page","type-page","status-publish","has-post-thumbnail","hentry"],"_links":{"self":[{"href":"https:\/\/advtime.eu\/index.php\/wp-json\/wp\/v2\/pages\/756","targetHints":{"allow":["GET"]}}],"collection":[{"href":"https:\/\/advtime.eu\/index.php\/wp-json\/wp\/v2\/pages"}],"about":[{"href":"https:\/\/advtime.eu\/index.php\/wp-json\/wp\/v2\/types\/page"}],"author":[{"embeddable":true,"href":"https:\/\/advtime.eu\/index.php\/wp-json\/wp\/v2\/users\/3"}],"replies":[{"embeddable":true,"href":"https:\/\/advtime.eu\/index.php\/wp-json\/wp\/v2\/comments?post=756"}],"version-history":[{"count":13,"href":"https:\/\/advtime.eu\/index.php\/wp-json\/wp\/v2\/pages\/756\/revisions"}],"predecessor-version":[{"id":1075,"href":"https:\/\/advtime.eu\/index.php\/wp-json\/wp\/v2\/pages\/756\/revisions\/1075"}],"wp:featuredmedia":[{"embeddable":true,"href":"https:\/\/advtime.eu\/index.php\/wp-json\/wp\/v2\/media\/752"}],"wp:attachment":[{"href":"https:\/\/advtime.eu\/index.php\/wp-json\/wp\/v2\/media?parent=756"}],"curies":[{"name":"wp","href":"https:\/\/api.w.org\/{rel}","templated":true}]}}