{"id":706,"date":"2024-02-12T13:26:51","date_gmt":"2024-02-12T12:26:51","guid":{"rendered":"https:\/\/advtime.eu\/?page_id=706"},"modified":"2025-02-23T11:11:28","modified_gmt":"2025-02-23T10:11:28","slug":"2024-2","status":"publish","type":"page","link":"https:\/\/advtime.eu\/index.php\/vergangene-events-bei-ppp\/2024-2\/","title":{"rendered":"2024"},"content":{"rendered":"\n<p>Das Jahr 2024 startete mir einem Kracher.<\/p>\n\n\n\n<h1 class=\"wp-block-heading\">Samstag 06. Januar 2024 Dirk Sch\u00e4fer \u2013 USA \u2013 Wunder im S\u00fcdwesten<\/h1>\n\n\n\n<p><a href=\"https:\/\/advtime.eu\/wp-admin\/post.php?post=641&amp;action=edit\">\u201eSamstag 06. Januar 2024 Dirk Sch\u00e4fer \u2013 USA \u2013 Wunder im S\u00fcdwesten\u201c bearbeiten<\/a><\/p>\n\n\n\n<figure class=\"wp-block-image\"><a href=\"https:\/\/www.wuppertal-live.de\/?481743\"><img loading=\"lazy\" decoding=\"async\" width=\"640\" height=\"360\" src=\"https:\/\/advtime.eu\/wp-content\/uploads\/2023\/09\/DiSh-HeaderHPPreWeb-1.jpg\" alt=\"\" class=\"wp-image-634\" srcset=\"https:\/\/advtime.eu\/wp-content\/uploads\/2023\/09\/DiSh-HeaderHPPreWeb-1.jpg 640w, https:\/\/advtime.eu\/wp-content\/uploads\/2023\/09\/DiSh-HeaderHPPreWeb-1-300x169.jpg 300w\" sizes=\"auto, (max-width: 640px) 100vw, 640px\" \/><\/a><\/figure>\n\n\n\n<p>Wer glaubte, dass der Wilde West ist Geschichte ist wurde von Dirk Sch\u00e4fer eines besseren gelehrt.<br>Er nahm das begeisterte ADVTIME.EU Publikum auf der W-Tec B\u00fchne mit auf eine Reise in den Wilden Westen des 21. Jahrhunderts. Seine Live Reportage widmete sich den legend\u00e4ren Landschaften des amerikanischen S\u00fcdwestens und seiner Bewohner. Der Fotograf und Filmer durchstreift dabei ber\u00fchmte Nationalparks ebenso wie die einsamen W\u00fcstenregionen zwischen Kalifornien und Colorado. Unterwegs begegnet er Menschen, die auf ihre Weise den Traum eines freien Lebens in einer immer enger vernetzten Welt leben.<br>Wieder einmal schuf uns Dir damit einen ganz besonderen Abend und eine Ausverkaufe Veranstaltung.<br><br><a href=\"https:\/\/www.zweiradmessen.de\/motorraeder-dortmund\/\">Messe Motorr\u00e4der Dortmund 2024<\/a><\/p>\n\n\n\n<p>Im Rahmen der<strong> Messe Motorr\u00e4der <\/strong>habe ich erneut die Ehre auf der <strong>Motorrad Abenteuer B\u00fchne <\/strong>meine<strong> Multivision USA &#8211; Abwegig<\/strong> zu pr\u00e4sentieren.<br>Samstag  02.03.2024 um 13 Uhr  Von Vancouver zum Grand Canon<br><br><\/p>\n\n\n\n<p><\/p>\n\n\n\n<p class=\"has-text-align-center\">Am 07.03.2024 d\u00fcrfte ich erneut eine Multivision beim Travelslam zu zeigen.<\/p>\n\n\n\n<figure class=\"wp-block-image size-large\"><img decoding=\"async\" src=\"https:\/\/travelslam.de\/wp-content\/uploads\/2023\/09\/Herne_Flottmann_Hallen_2022_0G8A2692_sRGB_72dpi.jpg\" alt=\"\"\/><\/figure>\n\n\n\n<p class=\"has-text-align-center\"><br>Dieses Mal zu Gast in den Flottmann Hallen in Herne<br><br><a href=\"https:\/\/travelslam.de\/termine\/travel-slam-herne-i-flottmann-hallen\/\">Weiter Lesen&#8230;<\/a><br><br><\/p>\n\n\n\n<p>Bis zum<strong> Samstag<\/strong> dem<strong> 06.04.2024 <\/strong>pr\u00e4sentiere ich Euch <strong>meine Multivision \u00fcber die Reise von Dennis Ciminski und mir aus 2023 durch den Norden Thailands<\/strong><\/p>\n\n\n\n<figure class=\"wp-block-image size-full\"><img loading=\"lazy\" decoding=\"async\" width=\"1000\" height=\"667\" src=\"https:\/\/advtime.eu\/wp-content\/uploads\/2024\/02\/196A2953web.jpg\" alt=\"\" class=\"wp-image-752\" srcset=\"https:\/\/advtime.eu\/wp-content\/uploads\/2024\/02\/196A2953web.jpg 1000w, https:\/\/advtime.eu\/wp-content\/uploads\/2024\/02\/196A2953web-300x200.jpg 300w, https:\/\/advtime.eu\/wp-content\/uploads\/2024\/02\/196A2953web-768x512.jpg 768w\" sizes=\"auto, (max-width: 767px) 89vw, (max-width: 1000px) 54vw, (max-width: 1071px) 543px, 580px\" \/><\/figure>\n\n\n\n<p><a href=\"https:\/\/advtime.eu\/index.php\/programm-2024\/07-april-2024-paetschman-thaiventure\/\">Weiter lesen&#8230;<\/a><\/p>\n\n\n\n<p><br><\/p>\n\n\n\n<p>Am <strong>06. April 2024 <\/strong>berichtete ich von meiner letzten Reise nach <strong>Thailand.<\/strong><br><strong>Dennis Ciminsk<\/strong>i und ich machten uns im November 2023 auf in den <strong>Norden Thailands<\/strong> um dem heimischen Winter zu entkommen. Was uns dieses Mal erwartete war ein schwei\u00dftreibender Thai-Winter und eine geballte Ladung Farben und Eindr\u00fccke abseits der \u00fcblichen Routen.<br>Mit gemieteten Tourerenduros trieb es uns in der \u00e4u\u00dfersten Norden Thailands zur Grenze nach <strong>Myanmar<\/strong>. Zum Gl\u00fcck schlug unser Versuch fehl die Grenze bei <strong>Mae Sai<\/strong> zu \u00fcberqueren, denn wir wachten mit der Nachricht auf, dass im nur 30 m entfernten Nachbarland ein weiterer Krieg ausgebrochen ist.<br>So reisen wir weiter ins goldene Dreieck und folgen dem <strong>Mekong<\/strong> entlang der Grenze nach <strong>Laos<\/strong> um eine unvergesslichen Ausblick aus dem Zelt zu erleben.<br>\u00dcberall erlebten wir herzliche Gastfreundschaft und kulinarische Freuden.<br>Lasst Euch von unseren Erlebnissen in den Bann ziehen, wenn ich im Rahmen der Reihe <strong>Paetschman Proudly Presents<\/strong> in der <strong>W-Tec<\/strong> Wuppertal von unserem j\u00fcngsten Abenteuer erz\u00e4hle.<\/p>\n\n\n\n<p><br>Weiter gig es im Programm mir Ralf Plachetka\u00b4s Weltreise am <strong>04. Mai 2024<\/strong><\/p>\n\n\n\n<figure class=\"wp-block-image size-full\"><img loading=\"lazy\" decoding=\"async\" width=\"1000\" height=\"288\" src=\"https:\/\/advtime.eu\/wp-content\/uploads\/2024\/03\/RPHeaderFBFinal1web.jpg\" alt=\"\" class=\"wp-image-795\" srcset=\"https:\/\/advtime.eu\/wp-content\/uploads\/2024\/03\/RPHeaderFBFinal1web.jpg 1000w, https:\/\/advtime.eu\/wp-content\/uploads\/2024\/03\/RPHeaderFBFinal1web-300x86.jpg 300w, https:\/\/advtime.eu\/wp-content\/uploads\/2024\/03\/RPHeaderFBFinal1web-768x221.jpg 768w, https:\/\/advtime.eu\/wp-content\/uploads\/2024\/03\/RPHeaderFBFinal1web-350x100.jpg 350w\" sizes=\"auto, (max-width: 767px) 89vw, (max-width: 1000px) 54vw, (max-width: 1071px) 543px, 580px\" \/><\/figure>\n\n\n\n<p><strong>\u201eDon\u00b4t Panic Too Early\u201c<\/strong><br>Meine Probleme mit einer fantastischen Weltreise<br><a href=\"https:\/\/advtime.eu\/?page_id=720\">Weiter Lesen&#8230;<\/a><\/p>\n\n\n\n<p>Am 02. November 2024 begr\u00fc\u00dfte ich Bruno Pillitteri auf der B\u00fchne der Wtec<br><\/p>\n\n\n\n<figure class=\"wp-block-image size-full\"><img loading=\"lazy\" decoding=\"async\" width=\"640\" height=\"360\" src=\"https:\/\/advtime.eu\/wp-content\/uploads\/2024\/10\/BrPi-HeaderHPl.jpg\" alt=\"\" class=\"wp-image-915\" srcset=\"https:\/\/advtime.eu\/wp-content\/uploads\/2024\/10\/BrPi-HeaderHPl.jpg 640w, https:\/\/advtime.eu\/wp-content\/uploads\/2024\/10\/BrPi-HeaderHPl-300x169.jpg 300w\" sizes=\"auto, (max-width: 640px) 100vw, 640px\" \/><figcaption class=\"wp-element-caption\">Dreck muss mann schmecken<\/figcaption><\/figure>\n\n\n\n<p>Georgien und der wilde Kaukasus<\/p>\n\n\n\n<p><a href=\"https:\/\/advtime.eu\/index.php\/ein-startseiten-abschnitt\/samstag-02-11-2024-bruno-pillitteri\/\">Weiter lesen&#8230;<\/a><\/p>\n\n\n\n<p>Am 07. Dezember 2024 schlo\u00df Irene Seitler die Serie mit einem winterlichen Thema ab<\/p>\n\n\n\n<figure class=\"wp-block-image size-full\"><img loading=\"lazy\" decoding=\"async\" width=\"640\" height=\"360\" src=\"https:\/\/advtime.eu\/wp-content\/uploads\/2024\/10\/IRSEHeader0712.jpg\" alt=\"\" class=\"wp-image-917\" srcset=\"https:\/\/advtime.eu\/wp-content\/uploads\/2024\/10\/IRSEHeader0712.jpg 640w, https:\/\/advtime.eu\/wp-content\/uploads\/2024\/10\/IRSEHeader0712-300x169.jpg 300w\" sizes=\"auto, (max-width: 640px) 100vw, 640px\" \/><\/figure>\n\n\n\n<p>Island mit dem Supersportler<\/p>\n\n\n\n<p><a href=\"https:\/\/advtime.eu\/index.php\/ein-startseiten-abschnitt\/samstag-07-12-2024-irene-seidler\/\">Weiter lesen&#8230;<\/a><br><\/p>\n","protected":false},"excerpt":{"rendered":"<p>Das Jahr 2024 startete mir einem Kracher. Samstag 06. Januar 2024 Dirk Sch\u00e4fer \u2013 USA \u2013 Wunder im S\u00fcdwesten \u201eSamstag 06. Januar 2024 Dirk Sch\u00e4fer \u2013 USA \u2013 Wunder im S\u00fcdwesten\u201c bearbeiten Wer glaubte, dass der Wilde West ist Geschichte ist wurde von Dirk Sch\u00e4fer eines besseren gelehrt.Er nahm das begeisterte ADVTIME.EU Publikum auf der &hellip; <\/p>\n<p class=\"link-more\"><a href=\"https:\/\/advtime.eu\/index.php\/vergangene-events-bei-ppp\/2024-2\/\" class=\"more-link\"><span class=\"screen-reader-text\">\u201e2024\u201c<\/span> weiterlesen<\/a><\/p>\n","protected":false},"author":3,"featured_media":0,"parent":129,"menu_order":2024,"comment_status":"closed","ping_status":"closed","template":"","meta":{"footnotes":""},"class_list":["post-706","page","type-page","status-publish","hentry"],"_links":{"self":[{"href":"https:\/\/advtime.eu\/index.php\/wp-json\/wp\/v2\/pages\/706","targetHints":{"allow":["GET"]}}],"collection":[{"href":"https:\/\/advtime.eu\/index.php\/wp-json\/wp\/v2\/pages"}],"about":[{"href":"https:\/\/advtime.eu\/index.php\/wp-json\/wp\/v2\/types\/page"}],"author":[{"embeddable":true,"href":"https:\/\/advtime.eu\/index.php\/wp-json\/wp\/v2\/users\/3"}],"replies":[{"embeddable":true,"href":"https:\/\/advtime.eu\/index.php\/wp-json\/wp\/v2\/comments?post=706"}],"version-history":[{"count":2,"href":"https:\/\/advtime.eu\/index.php\/wp-json\/wp\/v2\/pages\/706\/revisions"}],"predecessor-version":[{"id":935,"href":"https:\/\/advtime.eu\/index.php\/wp-json\/wp\/v2\/pages\/706\/revisions\/935"}],"up":[{"embeddable":true,"href":"https:\/\/advtime.eu\/index.php\/wp-json\/wp\/v2\/pages\/129"}],"wp:attachment":[{"href":"https:\/\/advtime.eu\/index.php\/wp-json\/wp\/v2\/media?parent=706"}],"curies":[{"name":"wp","href":"https:\/\/api.w.org\/{rel}","templated":true}]}}