{"id":538,"date":"2023-01-16T10:02:08","date_gmt":"2023-01-16T10:02:08","guid":{"rendered":"https:\/\/www.advtime.eu\/?page_id=538"},"modified":"2023-12-30T03:00:39","modified_gmt":"2023-12-30T02:00:39","slug":"2023-2","status":"publish","type":"page","link":"https:\/\/advtime.eu\/index.php\/vergangene-events-bei-ppp\/2023-2\/","title":{"rendered":"2023"},"content":{"rendered":"\n<p>Schon im Januar konnte ich f\u00fcr 2023 das Starthighlight ank\u00fcndigen.<br>Andreas H\u00fclsmann kahm nach Wuppertal und begl\u00fcckte uns mit seiner brandneuen Multivision<\/p>\n\n\n\n<p class=\"has-text-align-center\">Cold Contact &#8211; Warm kann jeder<\/p>\n\n\n\n<figure class=\"wp-block-image size-full\"><img loading=\"lazy\" decoding=\"async\" width=\"1000\" height=\"668\" src=\"https:\/\/www.advtime.eu\/wp-content\/uploads\/2022\/12\/05_MongoleiMON_7780Kl.jpg\" alt=\"\" class=\"wp-image-509\" srcset=\"https:\/\/advtime.eu\/wp-content\/uploads\/2022\/12\/05_MongoleiMON_7780Kl.jpg 1000w, https:\/\/advtime.eu\/wp-content\/uploads\/2022\/12\/05_MongoleiMON_7780Kl-300x200.jpg 300w, https:\/\/advtime.eu\/wp-content\/uploads\/2022\/12\/05_MongoleiMON_7780Kl-768x513.jpg 768w\" sizes=\"auto, (max-width: 767px) 89vw, (max-width: 1000px) 54vw, (max-width: 1071px) 543px, 580px\" \/><figcaption class=\"wp-element-caption\">\u00a9Andreas H\u00fclsmann<\/figcaption><\/figure>\n\n\n\n<p class=\"has-text-align-center\">Er hat den Saal mal wieder gerockt und mit Bildern, Anekdoten gepunktet und in einem Auftritt in voller Montur &#8222;gegl\u00e4nzt&#8220; denn es wurde ihm dann dochschnell sehr warm. Da konnte jeder nachf\u00fchlen wie es beim Zeitraubenden Ausf\u00fcllen der Daten in der Lobby auf der Reise so war.<br>Vielen Dank f\u00fcr den tollen Abend mit weit angereisten G\u00e4sten aus Bremen und n\u00f6rdlich von Willhelmshaven &#8211; Resekt!<br><\/p>\n\n\n\n<p class=\"has-text-align-center\">Leider musste die Veranstaltung mit Carsten Scheibe im M\u00e4rz aus beruflichen Grunden abgesagt werden.<br>Mein Arbeitgeber sendete mich zu einer Messe und so mu\u00dfte ich den bereits gestarteten Ticketverkauf R\u00fcckabwichkeln.  Ich bat daher alle Ticketinhaber diese \u00fcber Wuppertal-Live bzw. die entsprechenden Vorverkaufstellen zur\u00fcck zu geben.<br>Wir wollen die Veranstaltung zwar gerne im Herbst nachholen, aber ein termn steht noch nicht fest.<\/p>\n\n\n\n<figure class=\"wp-block-image size-full\"><img loading=\"lazy\" decoding=\"async\" width=\"1000\" height=\"288\" src=\"https:\/\/advtime.eu\/wp-content\/uploads\/2023\/05\/JoJo-HeaderHPFinalweb.jpg\" alt=\"\" class=\"wp-image-584\" srcset=\"https:\/\/advtime.eu\/wp-content\/uploads\/2023\/05\/JoJo-HeaderHPFinalweb.jpg 1000w, https:\/\/advtime.eu\/wp-content\/uploads\/2023\/05\/JoJo-HeaderHPFinalweb-300x86.jpg 300w, https:\/\/advtime.eu\/wp-content\/uploads\/2023\/05\/JoJo-HeaderHPFinalweb-768x221.jpg 768w, https:\/\/advtime.eu\/wp-content\/uploads\/2023\/05\/JoJo-HeaderHPFinalweb-350x100.jpg 350w\" sizes=\"auto, (max-width: 767px) 89vw, (max-width: 1000px) 54vw, (max-width: 1071px) 543px, 580px\" \/><figcaption class=\"wp-element-caption\">WetzlosWeltw\u00e4rz<\/figcaption><\/figure>\n\n\n\n<p class=\"has-text-align-center\">Der Br\u00fcller<\/p>\n\n\n\n<p>Am 06 Mai 2023 hatte ich das Vergn\u00fcgen Joana und Joshua Steinberg auf meiner B\u00fchne begr\u00fc\u00dfen zu d\u00fcrfen. Was die beiden ablieferten war dem Seasonfinale w\u00fcrdig. Grandiose Bilder und Videos die das Feeling auf den Punkt brachten. Ordentliche Lacher und tiefgr\u00fcndige Gedanken. Was will man mehr?<br>Der Helm der Spendenaktion f\u00fcr die Freunde welche Ihre Heimat im Sudan wegen des Krieges verlassen mussten f\u00fcllte sich zunehmens und auch ich konnte nicht verwehren die kompletten Einnahmen des Abends f\u00fcr diesen Guten Zweck zu spenden. Wenn wir es schaffen diesen guten Menschen eine neue Zukunft er zu erm\u00f6glichen haben wir etwas gutes vollbracht.<br>Ein Blick auf die noch laufende Spendenaktion Lohnt garantiert: <a href=\"https:\/\/xn--wetzlosweltwrts-clb.de\/index.php\/spenden\" target=\"_blank\" rel=\"noreferrer noopener\">https:\/\/xn--wetzlosweltwrts-clb.de\/index.php\/spenden<\/a><\/p>\n\n\n\n<p class=\"has-text-align-center\">Am 10.08.2023 ist es wieder Zeit die B\u00fchne im Rahmen des Travel Slam zu Rocken.<br>Wer sich dieses spannende Format in meiner Heimatstadt einmal ansehen will &#8230; Hier gibt es die Informationen dazu. <br>Ich Baue auf Eure Unterst\u00fctzung<br><a rel=\"noreferrer noopener\" href=\"https:\/\/travelslam.de\/michael-paetsch-taiwan-freie-fahrt-im-inselstaat-wuppertal-10-08-2023\/\" target=\"_blank\">https:\/\/travelslam.de\/michael-paetsch-taiwan-freie-fahrt-im-inselstaat-wuppertal-10-08-2023\/<\/a><\/p>\n\n\n\n<figure class=\"wp-block-image size-full\"><img loading=\"lazy\" decoding=\"async\" width=\"1024\" height=\"728\" src=\"https:\/\/advtime.eu\/wp-content\/uploads\/2023\/09\/4Cards23-1.jpg\" alt=\"\" class=\"wp-image-657\" srcset=\"https:\/\/advtime.eu\/wp-content\/uploads\/2023\/09\/4Cards23-1.jpg 1024w, https:\/\/advtime.eu\/wp-content\/uploads\/2023\/09\/4Cards23-1-300x213.jpg 300w, https:\/\/advtime.eu\/wp-content\/uploads\/2023\/09\/4Cards23-1-768x546.jpg 768w\" sizes=\"auto, (max-width: 767px) 89vw, (max-width: 1000px) 54vw, (max-width: 1071px) 543px, 580px\" \/><\/figure>\n\n\n\n<p class=\"has-text-align-center\"><br>Das Herbstprogramm startete  am <br><strong>07.10.2023<\/strong><br> Mit einer Reise in Westafrika<\/p>\n\n\n\n<figure class=\"wp-block-image size-large is-resized\"><img loading=\"lazy\" decoding=\"async\" src=\"https:\/\/advtime.eu\/wp-content\/uploads\/2023\/08\/SAM_0370-1024x768.jpg\" alt=\"\" class=\"wp-image-598\" style=\"width:512px;height:384px\" width=\"512\" height=\"384\" srcset=\"https:\/\/advtime.eu\/wp-content\/uploads\/2023\/08\/SAM_0370-1024x768.jpg 1024w, https:\/\/advtime.eu\/wp-content\/uploads\/2023\/08\/SAM_0370-300x225.jpg 300w, https:\/\/advtime.eu\/wp-content\/uploads\/2023\/08\/SAM_0370-768x576.jpg 768w, https:\/\/advtime.eu\/wp-content\/uploads\/2023\/08\/SAM_0370-1536x1152.jpg 1536w, https:\/\/advtime.eu\/wp-content\/uploads\/2023\/08\/SAM_0370-2048x1536.jpg 2048w, https:\/\/advtime.eu\/wp-content\/uploads\/2023\/08\/SAM_0370-1320x990.jpg 1320w\" sizes=\"auto, (max-width: 512px) 100vw, 512px\" \/><figcaption class=\"wp-element-caption\">Joshua unterwegs im &#8222;Nichts&#8220;<\/figcaption><\/figure>\n\n\n\n<p>\u201cMein Eigener Weg\u201d<\/p>\n\n\n\n<p>Joshua fesselte die G\u00e4ste auf der B\u00fchne des W-tecs und es war ein gelungener Abend.<br><br><a href=\"https:\/\/advtime.eu\/index.php\/ein-startseiten-abschnitt\/samstag-07-oktober-2023-joshua-steinberg-mein-eigener-weg\/\">Weiterlesen&#8230;<\/a><\/p>\n\n\n\n<p><br>Am <strong>04.11.2023<\/strong> ging es nach Persien<br><br><br>Irene lieferte ein grandioses Programm ab und fesselte die G\u00e4ste und auch Detlef Pitzer hatte Interessantes \u00fcber das Fahrassistenssystem Ride Vision zu berichen.<br>Einziger Wehrmutstropfen war, das erstmals eine Show ohne mich stattfinden musste weil ich mit Corona flach lag. Dank einiger Freunde und deren helfender H\u00e4nde wurde es aber dennoch ein erfolgreicher Abend.<\/p>\n\n\n\n<figure class=\"wp-block-image size-large is-resized\"><img loading=\"lazy\" decoding=\"async\" src=\"https:\/\/advtime.eu\/wp-content\/uploads\/2023\/08\/20230528_164528-768x1024.jpg\" alt=\"\" class=\"wp-image-607\" style=\"width:384px;height:512px\" width=\"384\" height=\"512\" srcset=\"https:\/\/advtime.eu\/wp-content\/uploads\/2023\/08\/20230528_164528-768x1024.jpg 768w, https:\/\/advtime.eu\/wp-content\/uploads\/2023\/08\/20230528_164528-225x300.jpg 225w, https:\/\/advtime.eu\/wp-content\/uploads\/2023\/08\/20230528_164528-1152x1536.jpg 1152w, https:\/\/advtime.eu\/wp-content\/uploads\/2023\/08\/20230528_164528-1536x2048.jpg 1536w, https:\/\/advtime.eu\/wp-content\/uploads\/2023\/08\/20230528_164528-1320x1760.jpg 1320w, https:\/\/advtime.eu\/wp-content\/uploads\/2023\/08\/20230528_164528-scaled.jpg 1920w\" sizes=\"auto, (max-width: 384px) 100vw, 384px\" \/><\/figure>\n\n\n\n<p><a href=\"https:\/\/advtime.eu\/index.php\/ein-startseiten-abschnitt\/planungsstadium-hinaus-und-erfuellt-gleich-noch-die-traeume-anderer-mit-in-ihrem-vortrag-berichtet-die-neue-verdreckte-ermittlerin-bei-paetschman-proudly-presents-nicht-nur-von-ihren-erlebnissen-a\/\">Weiterlesen&#8230;<\/a><\/p>\n\n\n\n<p><a rel=\"noreferrer noopener\" href=\"https:\/\/www.wuppertal-live.de\/shop\/477155\" target=\"_blank\">.<\/a><\/p>\n\n\n\n<p>Am 16.12.2023 war der Auftritt von  <strong>Anton Brey<\/strong> mit seinem Vortrag &#8222;<strong>Wenn nicht jetzt wann dann?<\/strong>\u201c in der W-Tec geplant. <br><strong>Leider mu\u00dfte der Vortrag aufgrund  abgesagt werden.<\/strong><br><br>Damit endete die Somit ist die Saison 2023 f\u00fcr Paetschman Proudly Presents und Advtime.eu fr\u00fcher als geplant.<br>Ich bedanke mich bei meinen treuen G\u00e4sten und w\u00fcnsche Euch allen ein gesegnetes Weihnachtsfest und einen guten Rutsch ins neue Jahr<br><br><\/p>\n\n\n\n<figure class=\"wp-block-image size-full\"><img loading=\"lazy\" decoding=\"async\" width=\"640\" height=\"360\" src=\"https:\/\/advtime.eu\/wp-content\/uploads\/2023\/09\/AnBr-HeaderHPFinalWeb.jpg\" alt=\"\" class=\"wp-image-656\" srcset=\"https:\/\/advtime.eu\/wp-content\/uploads\/2023\/09\/AnBr-HeaderHPFinalWeb.jpg 640w, https:\/\/advtime.eu\/wp-content\/uploads\/2023\/09\/AnBr-HeaderHPFinalWeb-300x169.jpg 300w\" sizes=\"auto, (max-width: 640px) 100vw, 640px\" \/><\/figure>\n\n\n\n<p><a href=\"http:\/\/samstag-16-dezember-2023-anton-brey-wenn-nicht-jetzt-wann-dann\">Weiterlesen&#8230;<\/a><\/p>\n","protected":false},"excerpt":{"rendered":"<p>Schon im Januar konnte ich f\u00fcr 2023 das Starthighlight ank\u00fcndigen.Andreas H\u00fclsmann kahm nach Wuppertal und begl\u00fcckte uns mit seiner brandneuen Multivision Cold Contact &#8211; Warm kann jeder Er hat den Saal mal wieder gerockt und mit Bildern, Anekdoten gepunktet und in einem Auftritt in voller Montur &#8222;gegl\u00e4nzt&#8220; denn es wurde ihm dann dochschnell sehr warm. &hellip; <\/p>\n<p class=\"link-more\"><a href=\"https:\/\/advtime.eu\/index.php\/vergangene-events-bei-ppp\/2023-2\/\" class=\"more-link\"><span class=\"screen-reader-text\">\u201e2023\u201c<\/span> weiterlesen<\/a><\/p>\n","protected":false},"author":3,"featured_media":509,"parent":129,"menu_order":2023,"comment_status":"closed","ping_status":"closed","template":"","meta":{"footnotes":""},"class_list":["post-538","page","type-page","status-publish","has-post-thumbnail","hentry"],"_links":{"self":[{"href":"https:\/\/advtime.eu\/index.php\/wp-json\/wp\/v2\/pages\/538","targetHints":{"allow":["GET"]}}],"collection":[{"href":"https:\/\/advtime.eu\/index.php\/wp-json\/wp\/v2\/pages"}],"about":[{"href":"https:\/\/advtime.eu\/index.php\/wp-json\/wp\/v2\/types\/page"}],"author":[{"embeddable":true,"href":"https:\/\/advtime.eu\/index.php\/wp-json\/wp\/v2\/users\/3"}],"replies":[{"embeddable":true,"href":"https:\/\/advtime.eu\/index.php\/wp-json\/wp\/v2\/comments?post=538"}],"version-history":[{"count":7,"href":"https:\/\/advtime.eu\/index.php\/wp-json\/wp\/v2\/pages\/538\/revisions"}],"predecessor-version":[{"id":696,"href":"https:\/\/advtime.eu\/index.php\/wp-json\/wp\/v2\/pages\/538\/revisions\/696"}],"up":[{"embeddable":true,"href":"https:\/\/advtime.eu\/index.php\/wp-json\/wp\/v2\/pages\/129"}],"wp:featuredmedia":[{"embeddable":true,"href":"https:\/\/advtime.eu\/index.php\/wp-json\/wp\/v2\/media\/509"}],"wp:attachment":[{"href":"https:\/\/advtime.eu\/index.php\/wp-json\/wp\/v2\/media?parent=538"}],"curies":[{"name":"wp","href":"https:\/\/api.w.org\/{rel}","templated":true}]}}

<p>Schon im Januar konnte ich für 2023 das Starthighlight ankündigen.<br>Andreas Hülsmann kahm nach Wuppertal und beglückte uns mit seiner brandneuen Multivision</p>



<p class="has-text-align-center">Cold Contact &#8211; Warm kann jeder</p>



<figure class="wp-block-image size-full"><img loading="lazy" decoding="async" width="1000" height="668" src="https://www.advtime.eu/wp-content/uploads/2022/12/05_MongoleiMON_7780Kl.jpg" alt="" class="wp-image-509" srcset="https://advtime.eu/wp-content/uploads/2022/12/05_MongoleiMON_7780Kl.jpg 1000w, https://advtime.eu/wp-content/uploads/2022/12/05_MongoleiMON_7780Kl-300x200.jpg 300w, https://advtime.eu/wp-content/uploads/2022/12/05_MongoleiMON_7780Kl-768x513.jpg 768w" sizes="auto, (max-width: 767px) 89vw, (max-width: 1000px) 54vw, (max-width: 1071px) 543px, 580px" /><figcaption class="wp-element-caption">©Andreas Hülsmann</figcaption></figure>



<p class="has-text-align-center">Er hat den Saal mal wieder gerockt und mit Bildern, Anekdoten gepunktet und in einem Auftritt in voller Montur &#8222;geglänzt&#8220; denn es wurde ihm dann dochschnell sehr warm. Da konnte jeder nachfühlen wie es beim Zeitraubenden Ausfüllen der Daten in der Lobby auf der Reise so war.<br>Vielen Dank für den tollen Abend mit weit angereisten Gästen aus Bremen und nördlich von Willhelmshaven &#8211; Resekt!<br></p>



<p class="has-text-align-center">Leider musste die Veranstaltung mit Carsten Scheibe im März aus beruflichen Grunden abgesagt werden.<br>Mein Arbeitgeber sendete mich zu einer Messe und so mußte ich den bereits gestarteten Ticketverkauf Rückabwichkeln.  Ich bat daher alle Ticketinhaber diese über Wuppertal-Live bzw. die entsprechenden Vorverkaufstellen zurück zu geben.<br>Wir wollen die Veranstaltung zwar gerne im Herbst nachholen, aber ein termn steht noch nicht fest.</p>



<figure class="wp-block-image size-full"><img loading="lazy" decoding="async" width="1000" height="288" src="https://advtime.eu/wp-content/uploads/2023/05/JoJo-HeaderHPFinalweb.jpg" alt="" class="wp-image-584" srcset="https://advtime.eu/wp-content/uploads/2023/05/JoJo-HeaderHPFinalweb.jpg 1000w, https://advtime.eu/wp-content/uploads/2023/05/JoJo-HeaderHPFinalweb-300x86.jpg 300w, https://advtime.eu/wp-content/uploads/2023/05/JoJo-HeaderHPFinalweb-768x221.jpg 768w, https://advtime.eu/wp-content/uploads/2023/05/JoJo-HeaderHPFinalweb-350x100.jpg 350w" sizes="auto, (max-width: 767px) 89vw, (max-width: 1000px) 54vw, (max-width: 1071px) 543px, 580px" /><figcaption class="wp-element-caption">WetzlosWeltwärz</figcaption></figure>



<p class="has-text-align-center">Der Brüller</p>



<p>Am 06 Mai 2023 hatte ich das Vergnügen Joana und Joshua Steinberg auf meiner Bühne begrüßen zu dürfen. Was die beiden ablieferten war dem Seasonfinale würdig. Grandiose Bilder und Videos die das Feeling auf den Punkt brachten. Ordentliche Lacher und tiefgründige Gedanken. Was will man mehr?<br>Der Helm der Spendenaktion für die Freunde welche Ihre Heimat im Sudan wegen des Krieges verlassen mussten füllte sich zunehmens und auch ich konnte nicht verwehren die kompletten Einnahmen des Abends für diesen Guten Zweck zu spenden. Wenn wir es schaffen diesen guten Menschen eine neue Zukunft er zu ermöglichen haben wir etwas gutes vollbracht.<br>Ein Blick auf die noch laufende Spendenaktion Lohnt garantiert: <a href="https://xn--wetzlosweltwrts-clb.de/index.php/spenden" target="_blank" rel="noreferrer noopener">https://xn--wetzlosweltwrts-clb.de/index.php/spenden</a></p>



<p class="has-text-align-center">Am 10.08.2023 ist es wieder Zeit die Bühne im Rahmen des Travel Slam zu Rocken.<br>Wer sich dieses spannende Format in meiner Heimatstadt einmal ansehen will &#8230; Hier gibt es die Informationen dazu. <br>Ich Baue auf Eure Unterstützung<br><a rel="noreferrer noopener" href="https://travelslam.de/michael-paetsch-taiwan-freie-fahrt-im-inselstaat-wuppertal-10-08-2023/" target="_blank">https://travelslam.de/michael-paetsch-taiwan-freie-fahrt-im-inselstaat-wuppertal-10-08-2023/</a></p>



<figure class="wp-block-image size-full"><img loading="lazy" decoding="async" width="1024" height="728" src="https://advtime.eu/wp-content/uploads/2023/09/4Cards23-1.jpg" alt="" class="wp-image-657" srcset="https://advtime.eu/wp-content/uploads/2023/09/4Cards23-1.jpg 1024w, https://advtime.eu/wp-content/uploads/2023/09/4Cards23-1-300x213.jpg 300w, https://advtime.eu/wp-content/uploads/2023/09/4Cards23-1-768x546.jpg 768w" sizes="auto, (max-width: 767px) 89vw, (max-width: 1000px) 54vw, (max-width: 1071px) 543px, 580px" /></figure>



<p class="has-text-align-center"><br>Das Herbstprogramm startete  am <br><strong>07.10.2023</strong><br> Mit einer Reise in Westafrika</p>



<figure class="wp-block-image size-large is-resized"><img loading="lazy" decoding="async" src="https://advtime.eu/wp-content/uploads/2023/08/SAM_0370-1024x768.jpg" alt="" class="wp-image-598" style="width:512px;height:384px" width="512" height="384" srcset="https://advtime.eu/wp-content/uploads/2023/08/SAM_0370-1024x768.jpg 1024w, https://advtime.eu/wp-content/uploads/2023/08/SAM_0370-300x225.jpg 300w, https://advtime.eu/wp-content/uploads/2023/08/SAM_0370-768x576.jpg 768w, https://advtime.eu/wp-content/uploads/2023/08/SAM_0370-1536x1152.jpg 1536w, https://advtime.eu/wp-content/uploads/2023/08/SAM_0370-2048x1536.jpg 2048w, https://advtime.eu/wp-content/uploads/2023/08/SAM_0370-1320x990.jpg 1320w" sizes="auto, (max-width: 512px) 100vw, 512px" /><figcaption class="wp-element-caption">Joshua unterwegs im &#8222;Nichts&#8220;</figcaption></figure>



<p>“Mein Eigener Weg”</p>



<p>Joshua fesselte die Gäste auf der Bühne des W-tecs und es war ein gelungener Abend.<br><br><a href="https://advtime.eu/index.php/ein-startseiten-abschnitt/samstag-07-oktober-2023-joshua-steinberg-mein-eigener-weg/">Weiterlesen&#8230;</a></p>



<p><br>Am <strong>04.11.2023</strong> ging es nach Persien<br><br><br>Irene lieferte ein grandioses Programm ab und fesselte die Gäste und auch Detlef Pitzer hatte Interessantes über das Fahrassistenssystem Ride Vision zu berichen.<br>Einziger Wehrmutstropfen war, das erstmals eine Show ohne mich stattfinden musste weil ich mit Corona flach lag. Dank einiger Freunde und deren helfender Hände wurde es aber dennoch ein erfolgreicher Abend.</p>



<figure class="wp-block-image size-large is-resized"><img loading="lazy" decoding="async" src="https://advtime.eu/wp-content/uploads/2023/08/20230528_164528-768x1024.jpg" alt="" class="wp-image-607" style="width:384px;height:512px" width="384" height="512" srcset="https://advtime.eu/wp-content/uploads/2023/08/20230528_164528-768x1024.jpg 768w, https://advtime.eu/wp-content/uploads/2023/08/20230528_164528-225x300.jpg 225w, https://advtime.eu/wp-content/uploads/2023/08/20230528_164528-1152x1536.jpg 1152w, https://advtime.eu/wp-content/uploads/2023/08/20230528_164528-1536x2048.jpg 1536w, https://advtime.eu/wp-content/uploads/2023/08/20230528_164528-1320x1760.jpg 1320w, https://advtime.eu/wp-content/uploads/2023/08/20230528_164528-scaled.jpg 1920w" sizes="auto, (max-width: 384px) 100vw, 384px" /></figure>



<p><a href="https://advtime.eu/index.php/ein-startseiten-abschnitt/planungsstadium-hinaus-und-erfuellt-gleich-noch-die-traeume-anderer-mit-in-ihrem-vortrag-berichtet-die-neue-verdreckte-ermittlerin-bei-paetschman-proudly-presents-nicht-nur-von-ihren-erlebnissen-a/">Weiterlesen&#8230;</a></p>



<p><a rel="noreferrer noopener" href="https://www.wuppertal-live.de/shop/477155" target="_blank">.</a></p>



<p>Am 16.12.2023 war der Auftritt von  <strong>Anton Brey</strong> mit seinem Vortrag &#8222;<strong>Wenn nicht jetzt wann dann?</strong>“ in der W-Tec geplant. <br><strong>Leider mußte der Vortrag aufgrund  abgesagt werden.</strong><br><br>Damit endete die Somit ist die Saison 2023 für Paetschman Proudly Presents und Advtime.eu früher als geplant.<br>Ich bedanke mich bei meinen treuen Gästen und wünsche Euch allen ein gesegnetes Weihnachtsfest und einen guten Rutsch ins neue Jahr<br><br></p>



<figure class="wp-block-image size-full"><img loading="lazy" decoding="async" width="640" height="360" src="https://advtime.eu/wp-content/uploads/2023/09/AnBr-HeaderHPFinalWeb.jpg" alt="" class="wp-image-656" srcset="https://advtime.eu/wp-content/uploads/2023/09/AnBr-HeaderHPFinalWeb.jpg 640w, https://advtime.eu/wp-content/uploads/2023/09/AnBr-HeaderHPFinalWeb-300x169.jpg 300w" sizes="auto, (max-width: 640px) 100vw, 640px" /></figure>



<p><a href="http://samstag-16-dezember-2023-anton-brey-wenn-nicht-jetzt-wann-dann">Weiterlesen&#8230;</a></p>

<p>Schon im Januar konnte ich für 2023 das Starthighlight ankündigen.Andreas Hülsmann kahm nach Wuppertal und beglückte uns mit seiner brandneuen Multivision Cold Contact &#8211; Warm kann jeder Er hat den Saal mal wieder gerockt und mit Bildern, Anekdoten gepunktet und in einem Auftritt in voller Montur &#8222;geglänzt&#8220; denn es wurde ihm dann dochschnell sehr warm. &hellip; </p>
<p class="link-more"><a href="https://advtime.eu/index.php/vergangene-events-bei-ppp/2023-2/" class="more-link"><span class="screen-reader-text">„2023“</span> weiterlesen</a></p>
