{"id":475,"date":"2022-12-19T20:44:16","date_gmt":"2022-12-19T20:44:16","guid":{"rendered":"https:\/\/www.advtime.eu\/?page_id=475"},"modified":"2023-05-09T21:04:42","modified_gmt":"2023-05-09T20:04:42","slug":"2022-2","status":"publish","type":"page","link":"https:\/\/advtime.eu\/index.php\/vergangene-events-bei-ppp\/2022-2\/","title":{"rendered":"2022"},"content":{"rendered":"\n<p>Was 2022 geschah:<br><br><\/p>\n\n\n\n<p id=\"block-7daaeb79-a8b3-403b-ab06-56f670ab2689\">Am <strong>31.03.2022<\/strong> war ich beim  Travelslam in Bochum dabei.<\/p>\n\n\n\n<figure class=\"wp-block-image size-large is-style-default\"><img loading=\"lazy\" decoding=\"async\" width=\"1024\" height=\"1024\" src=\"https:\/\/www.advtime.eu\/wp-content\/uploads\/2022\/09\/31_03_22-1024x1024.jpg\" alt=\"\" class=\"wp-image-477\" srcset=\"https:\/\/advtime.eu\/wp-content\/uploads\/2022\/09\/31_03_22-1024x1024.jpg 1024w, https:\/\/advtime.eu\/wp-content\/uploads\/2022\/09\/31_03_22-300x300.jpg 300w, https:\/\/advtime.eu\/wp-content\/uploads\/2022\/09\/31_03_22-150x150.jpg 150w, https:\/\/advtime.eu\/wp-content\/uploads\/2022\/09\/31_03_22-768x768.jpg 768w, https:\/\/advtime.eu\/wp-content\/uploads\/2022\/09\/31_03_22-100x100.jpg 100w, https:\/\/advtime.eu\/wp-content\/uploads\/2022\/09\/31_03_22-1320x1320.jpg 1320w, https:\/\/advtime.eu\/wp-content\/uploads\/2022\/09\/31_03_22.jpg 1440w\" sizes=\"auto, (max-width: 767px) 89vw, (max-width: 1000px) 54vw, (max-width: 1071px) 543px, 580px\" \/><\/figure>\n\n\n\n<p id=\"block-7daaeb79-a8b3-403b-ab06-56f670ab2689\"><br>In der Grandiosen Kulisse der Rotunde durfte ich mit meinen Konkurrentinnen Um die Gunst des (leider sp\u00e4rlichen) Publikums buhlen.<br>Leider hatte auch hier die Corona Pandemie ihre Auswirkungen und das tolle Konzept und das engagierte Team konnten nur wenige zuschauer anlocken. Dennoch kann die die Reihe absolut empfehlen. Alle anwesenden hatten echte Freude.<\/p>\n\n\n\n<p id=\"block-7daaeb79-a8b3-403b-ab06-56f670ab2689\"><\/p>\n\n\n\n<p id=\"block-c1981da7-b850-41fd-949d-586f7e37bdea\">Am <strong>21. April 22<\/strong> startete &#8222;Paetschman Proudly Presents noch einmal in der  WTec mit Carola und ihrem grandiosen Australienvortrag. Euer Kopfkino kommt endlich wieder auf Touren .<br><\/p>\n\n\n\n<p id=\"block-4a604ac3-7577-4c5c-8f06-90a1ca9520c1\"><strong>Buddymoon to the tip<\/strong><\/p>\n\n\n\n<p id=\"block-23883475-0741-4873-a53e-9db50173df70\"><\/p>\n\n\n\n<figure class=\"wp-block-image is-style-default\" id=\"block-11392ef8-5104-487d-b3da-2b265044e0ab\"><img decoding=\"async\" src=\"https:\/\/www.advtime.eu\/wp-content\/uploads\/2022\/04\/P9050378-Kopie-1024x628.jpg\" alt=\"Dieses Bild hat ein leeres Alt-Attribut. Der Dateiname ist P9050378-Kopie-1024x628.jpg\"\/><figcaption class=\"wp-element-caption\">\u00a9 Carola M\u00f6ller<\/figcaption><\/figure>\n\n\n\n<p id=\"block-18b1103d-a3c0-4701-9b9e-7beecf2bedc0\"><br>Am 05. Juni 22 durfte ich beim Travel Slam des Recklinghausener Hafenfestes teilnehmen.<br><\/p>\n\n\n\n<figure class=\"wp-block-image size-full is-style-default\"><img loading=\"lazy\" decoding=\"async\" width=\"512\" height=\"640\" src=\"https:\/\/www.advtime.eu\/wp-content\/uploads\/2022\/09\/REHafenfest.jpg\" alt=\"\" class=\"wp-image-478\" srcset=\"https:\/\/advtime.eu\/wp-content\/uploads\/2022\/09\/REHafenfest.jpg 512w, https:\/\/advtime.eu\/wp-content\/uploads\/2022\/09\/REHafenfest-240x300.jpg 240w\" sizes=\"auto, (max-width: 512px) 100vw, 512px\" \/><\/figure>\n\n\n\n<p class=\"has-small-font-size\">Am <strong>28.10.2022<\/strong> stand mein erster Auftritt in der <strong><a href=\"https:\/\/reisediele.org\/2022\/11\/18\/nachlese-mit-paetschman-x-usa\/\" target=\"_blank\" rel=\"noreferrer noopener\">Reisediele<\/a><\/strong> bei Pl\u00f6n auf Plan.<br>(<strong>Sportverein des TSV Lepahn \/ Zum Sportplatz 2, 24211 Lehmkuhlen<\/strong>)<br>Nicht umsonst hatte ich mich auf den Auftritt gefreut, den es erwartete mich ein begeisterungsf\u00e4higes Publikum und eine hoch motivierte Crew um Carsten Scheibe.  Mein Vortrag \u201e<strong>Abwegig durch die USA<\/strong>\u201c d\u00fcrfte dabei auch Carsten inspirieren der gerade seine Tour durch die USA Plante. Nach einem sch\u00f6nen Abend in der Reisediele klang der Abend ebenso nett bei Carsten aus. Vielen Dank f\u00fcr die Einladung. Ich komme gerne wieder.<\/p>\n\n\n\n<p><\/p>\n\n\n\n<figure class=\"wp-block-embed is-type-wp-embed is-provider-reisediele-org wp-block-embed-reisediele-org\"><div class=\"wp-block-embed__wrapper\">\nhttps:\/\/reisediele.org\/reisediele-events\/event-mit-michael-paetschmann\/\n<\/div><\/figure>\n\n\n\n<p><em>Als finale Show des Jahres d\u00fcrfte ich Carsten Gr\u00fcttner am 1. Dez Pr\u00e4sentieren. <\/em><br><em>Schon oft hat es Carsten Gr\u00fcttner in den vergangenen 20 Jahren in die Weite Skandinaviens verschlagen. Im ersten Corona-Sommer des Jahres 2020 fl\u00fcchtet er aus der Enge der Stadt K\u00f6ln in den hohen Norden Schwedens, um dort im Licht der Mitternachtssonne mit Rad und Kamera in der Natur unterwegs zu sein. Bei Begegnungen mit Einheimischen kommt ihm ein Gedanke: W\u00e4re es nicht total verr\u00fcckt, das Ganze im Winter zu wiederholen, bei Temperaturen von bis zu -35\u00b0C? Tats\u00e4chlich reist Carsten dann in den zwei darauffolgenden Wintern durch das verschneite Nord-Skandinavien und verf\u00e4llt dem Zauber des Winters n\u00f6rdlich des Polarkreises. <\/em><\/p>\n\n\n\n<figure class=\"wp-block-image size-full\"><img loading=\"lazy\" decoding=\"async\" width=\"1000\" height=\"288\" src=\"https:\/\/www.advtime.eu\/wp-content\/uploads\/2022\/09\/Gru.jpg\" alt=\"\" class=\"wp-image-480\" srcset=\"https:\/\/advtime.eu\/wp-content\/uploads\/2022\/09\/Gru.jpg 1000w, https:\/\/advtime.eu\/wp-content\/uploads\/2022\/09\/Gru-300x86.jpg 300w, https:\/\/advtime.eu\/wp-content\/uploads\/2022\/09\/Gru-768x221.jpg 768w\" sizes=\"auto, (max-width: 767px) 89vw, (max-width: 1000px) 54vw, (max-width: 1071px) 543px, 580px\" \/><figcaption class=\"wp-element-caption\">Carsten Gr\u00fcttner<\/figcaption><\/figure>\n\n\n\n<p><em>Mit Rad, Zelt, Schlafsack und ein paar warmen Klamotten nimmt er dabei mit allen Sinnen eine v\u00f6llig ver\u00e4nderte Landschaft wahr, erlebt die Nordlichtern und nimmt mit Kamera und Drohne faszinierende Fotos und Videos auf, die er nun in seinem neuesten, stimmungsvollen Vortrag mit seinen Zuschauern teilt. Eine spannende Geschichte des Entdeckens jenseits der Komfortzone.<\/em><\/p>\n","protected":false},"excerpt":{"rendered":"<p>Was 2022 geschah: Am 31.03.2022 war ich beim Travelslam in Bochum dabei. In der Grandiosen Kulisse der Rotunde durfte ich mit meinen Konkurrentinnen Um die Gunst des (leider sp\u00e4rlichen) Publikums buhlen.Leider hatte auch hier die Corona Pandemie ihre Auswirkungen und das tolle Konzept und das engagierte Team konnten nur wenige zuschauer anlocken. Dennoch kann die &hellip; <\/p>\n<p class=\"link-more\"><a href=\"https:\/\/advtime.eu\/index.php\/vergangene-events-bei-ppp\/2022-2\/\" class=\"more-link\"><span class=\"screen-reader-text\">\u201e2022\u201c<\/span> weiterlesen<\/a><\/p>\n","protected":false},"author":3,"featured_media":477,"parent":129,"menu_order":2022,"comment_status":"closed","ping_status":"closed","template":"","meta":{"footnotes":""},"class_list":["post-475","page","type-page","status-publish","has-post-thumbnail","hentry"],"_links":{"self":[{"href":"https:\/\/advtime.eu\/index.php\/wp-json\/wp\/v2\/pages\/475","targetHints":{"allow":["GET"]}}],"collection":[{"href":"https:\/\/advtime.eu\/index.php\/wp-json\/wp\/v2\/pages"}],"about":[{"href":"https:\/\/advtime.eu\/index.php\/wp-json\/wp\/v2\/types\/page"}],"author":[{"embeddable":true,"href":"https:\/\/advtime.eu\/index.php\/wp-json\/wp\/v2\/users\/3"}],"replies":[{"embeddable":true,"href":"https:\/\/advtime.eu\/index.php\/wp-json\/wp\/v2\/comments?post=475"}],"version-history":[{"count":7,"href":"https:\/\/advtime.eu\/index.php\/wp-json\/wp\/v2\/pages\/475\/revisions"}],"predecessor-version":[{"id":563,"href":"https:\/\/advtime.eu\/index.php\/wp-json\/wp\/v2\/pages\/475\/revisions\/563"}],"up":[{"embeddable":true,"href":"https:\/\/advtime.eu\/index.php\/wp-json\/wp\/v2\/pages\/129"}],"wp:featuredmedia":[{"embeddable":true,"href":"https:\/\/advtime.eu\/index.php\/wp-json\/wp\/v2\/media\/477"}],"wp:attachment":[{"href":"https:\/\/advtime.eu\/index.php\/wp-json\/wp\/v2\/media?parent=475"}],"curies":[{"name":"wp","href":"https:\/\/api.w.org\/{rel}","templated":true}]}}

<p>Was 2022 geschah:<br><br></p>



<p id="block-7daaeb79-a8b3-403b-ab06-56f670ab2689">Am <strong>31.03.2022</strong> war ich beim  Travelslam in Bochum dabei.</p>



<figure class="wp-block-image size-large is-style-default"><img loading="lazy" decoding="async" width="1024" height="1024" src="https://www.advtime.eu/wp-content/uploads/2022/09/31_03_22-1024x1024.jpg" alt="" class="wp-image-477" srcset="https://advtime.eu/wp-content/uploads/2022/09/31_03_22-1024x1024.jpg 1024w, https://advtime.eu/wp-content/uploads/2022/09/31_03_22-300x300.jpg 300w, https://advtime.eu/wp-content/uploads/2022/09/31_03_22-150x150.jpg 150w, https://advtime.eu/wp-content/uploads/2022/09/31_03_22-768x768.jpg 768w, https://advtime.eu/wp-content/uploads/2022/09/31_03_22-100x100.jpg 100w, https://advtime.eu/wp-content/uploads/2022/09/31_03_22-1320x1320.jpg 1320w, https://advtime.eu/wp-content/uploads/2022/09/31_03_22.jpg 1440w" sizes="auto, (max-width: 767px) 89vw, (max-width: 1000px) 54vw, (max-width: 1071px) 543px, 580px" /></figure>



<p id="block-7daaeb79-a8b3-403b-ab06-56f670ab2689"><br>In der Grandiosen Kulisse der Rotunde durfte ich mit meinen Konkurrentinnen Um die Gunst des (leider spärlichen) Publikums buhlen.<br>Leider hatte auch hier die Corona Pandemie ihre Auswirkungen und das tolle Konzept und das engagierte Team konnten nur wenige zuschauer anlocken. Dennoch kann die die Reihe absolut empfehlen. Alle anwesenden hatten echte Freude.</p>



<p id="block-7daaeb79-a8b3-403b-ab06-56f670ab2689"></p>



<p id="block-c1981da7-b850-41fd-949d-586f7e37bdea">Am <strong>21. April 22</strong> startete &#8222;Paetschman Proudly Presents noch einmal in der  WTec mit Carola und ihrem grandiosen Australienvortrag. Euer Kopfkino kommt endlich wieder auf Touren .<br></p>



<p id="block-4a604ac3-7577-4c5c-8f06-90a1ca9520c1"><strong>Buddymoon to the tip</strong></p>



<p id="block-23883475-0741-4873-a53e-9db50173df70"></p>



<figure class="wp-block-image is-style-default" id="block-11392ef8-5104-487d-b3da-2b265044e0ab"><img decoding="async" src="https://www.advtime.eu/wp-content/uploads/2022/04/P9050378-Kopie-1024x628.jpg" alt="Dieses Bild hat ein leeres Alt-Attribut. Der Dateiname ist P9050378-Kopie-1024x628.jpg"/><figcaption class="wp-element-caption">© Carola Möller</figcaption></figure>



<p id="block-18b1103d-a3c0-4701-9b9e-7beecf2bedc0"><br>Am 05. Juni 22 durfte ich beim Travel Slam des Recklinghausener Hafenfestes teilnehmen.<br></p>



<figure class="wp-block-image size-full is-style-default"><img loading="lazy" decoding="async" width="512" height="640" src="https://www.advtime.eu/wp-content/uploads/2022/09/REHafenfest.jpg" alt="" class="wp-image-478" srcset="https://advtime.eu/wp-content/uploads/2022/09/REHafenfest.jpg 512w, https://advtime.eu/wp-content/uploads/2022/09/REHafenfest-240x300.jpg 240w" sizes="auto, (max-width: 512px) 100vw, 512px" /></figure>



<p class="has-small-font-size">Am <strong>28.10.2022</strong> stand mein erster Auftritt in der <strong><a href="https://reisediele.org/2022/11/18/nachlese-mit-paetschman-x-usa/" target="_blank" rel="noreferrer noopener">Reisediele</a></strong> bei Plön auf Plan.<br>(<strong>Sportverein des TSV Lepahn / Zum Sportplatz 2, 24211 Lehmkuhlen</strong>)<br>Nicht umsonst hatte ich mich auf den Auftritt gefreut, den es erwartete mich ein begeisterungsfähiges Publikum und eine hoch motivierte Crew um Carsten Scheibe.  Mein Vortrag „<strong>Abwegig durch die USA</strong>“ dürfte dabei auch Carsten inspirieren der gerade seine Tour durch die USA Plante. Nach einem schönen Abend in der Reisediele klang der Abend ebenso nett bei Carsten aus. Vielen Dank für die Einladung. Ich komme gerne wieder.</p>



<p></p>



<figure class="wp-block-embed is-type-wp-embed is-provider-reisediele-org wp-block-embed-reisediele-org"><div class="wp-block-embed__wrapper">
https://reisediele.org/reisediele-events/event-mit-michael-paetschmann/
</div></figure>



<p><em>Als finale Show des Jahres dürfte ich Carsten Grüttner am 1. Dez Präsentieren. </em><br><em>Schon oft hat es Carsten Grüttner in den vergangenen 20 Jahren in die Weite Skandinaviens verschlagen. Im ersten Corona-Sommer des Jahres 2020 flüchtet er aus der Enge der Stadt Köln in den hohen Norden Schwedens, um dort im Licht der Mitternachtssonne mit Rad und Kamera in der Natur unterwegs zu sein. Bei Begegnungen mit Einheimischen kommt ihm ein Gedanke: Wäre es nicht total verrückt, das Ganze im Winter zu wiederholen, bei Temperaturen von bis zu -35°C? Tatsächlich reist Carsten dann in den zwei darauffolgenden Wintern durch das verschneite Nord-Skandinavien und verfällt dem Zauber des Winters nördlich des Polarkreises. </em></p>



<figure class="wp-block-image size-full"><img loading="lazy" decoding="async" width="1000" height="288" src="https://www.advtime.eu/wp-content/uploads/2022/09/Gru.jpg" alt="" class="wp-image-480" srcset="https://advtime.eu/wp-content/uploads/2022/09/Gru.jpg 1000w, https://advtime.eu/wp-content/uploads/2022/09/Gru-300x86.jpg 300w, https://advtime.eu/wp-content/uploads/2022/09/Gru-768x221.jpg 768w" sizes="auto, (max-width: 767px) 89vw, (max-width: 1000px) 54vw, (max-width: 1071px) 543px, 580px" /><figcaption class="wp-element-caption">Carsten Grüttner</figcaption></figure>



<p><em>Mit Rad, Zelt, Schlafsack und ein paar warmen Klamotten nimmt er dabei mit allen Sinnen eine völlig veränderte Landschaft wahr, erlebt die Nordlichtern und nimmt mit Kamera und Drohne faszinierende Fotos und Videos auf, die er nun in seinem neuesten, stimmungsvollen Vortrag mit seinen Zuschauern teilt. Eine spannende Geschichte des Entdeckens jenseits der Komfortzone.</em></p>

<p>Was 2022 geschah: Am 31.03.2022 war ich beim Travelslam in Bochum dabei. In der Grandiosen Kulisse der Rotunde durfte ich mit meinen Konkurrentinnen Um die Gunst des (leider spärlichen) Publikums buhlen.Leider hatte auch hier die Corona Pandemie ihre Auswirkungen und das tolle Konzept und das engagierte Team konnten nur wenige zuschauer anlocken. Dennoch kann die &hellip; </p>
<p class="link-more"><a href="https://advtime.eu/index.php/vergangene-events-bei-ppp/2022-2/" class="more-link"><span class="screen-reader-text">„2022“</span> weiterlesen</a></p>
