{"id":201,"date":"2020-02-24T18:14:26","date_gmt":"2020-02-24T18:14:26","guid":{"rendered":"https:\/\/www.advtime.eu\/?page_id=201"},"modified":"2020-02-24T18:14:26","modified_gmt":"2020-02-24T18:14:26","slug":"paetschman-abwegig-durchs-goldene-dreieck","status":"publish","type":"page","link":"https:\/\/advtime.eu\/index.php\/live-multivisionen\/paetschman-abwegig-durchs-goldene-dreieck\/","title":{"rendered":"Paetschman &#8211; Abwegig durchs goldene Dreieck"},"content":{"rendered":"\n<figure class=\"wp-block-embed-youtube wp-block-embed is-type-video is-provider-youtube wp-embed-aspect-16-9 wp-has-aspect-ratio\"><div class=\"wp-block-embed__wrapper\">\n<iframe loading=\"lazy\" title=\"Thaiteaser 2016\" width=\"525\" height=\"295\" src=\"https:\/\/www.youtube.com\/embed\/K_ck8LJUftU?feature=oembed\" frameborder=\"0\" allow=\"accelerometer; autoplay; clipboard-write; encrypted-media; gyroscope; picture-in-picture; web-share\" referrerpolicy=\"strict-origin-when-cross-origin\" allowfullscreen><\/iframe>\n<\/div><\/figure>\n\n\n\n<p>Schon einmal ging es f\u00fcr Paetschman mit dem Motorrad in den Norden Thailands. Mit den zwei united T\u00e9n\u00e9risti Martin und Heiko auf gemieteten Kawasaki KLX 250 \/ 350 durch den Jungle zu fahren, war ein wahrer Genuss. Dabei zeigte die gef\u00fchrte Tour, was es alles in Thailand zu erleben gibt.<br>Nun brechen Latus und Paetschman zu einer Tour auf eigene Faust auf und erleben, dass es gar nicht so einfach ist, sich in einem Land zu orientieren, in dem die Stra\u00dfenschilder oftmals nicht zu entziffern sind. Am Ende der Regenzeit gestartet, bleiben einige Strecken durch den Urwald dabei unpassierbar, doch mit zwei gemieteten Honda CM 500 X &#8222;Big Bikes&#8220; ausgestattet, reist das Duo immer weiter zur Grenze nach Myanmar und Laos und erlebt in zahlreichen Begegnungen mit der Bev\u00f6lkerung die Leichtigkeit des Seins, grandiose Landschaften und exotische Speisen, um am Ende des Trips im quirligem Bangkok das Gegenteil der k\u00fchlen Ruhe des Nordens kennenzulernen.<br>Wieder einmal begeistert das sympathische Team mit zahlreichen Geschichten und Bildern, die den Reisevirus wecken und zeigen, wie kurzentschlossen so eine Reise f\u00fcr jedermann machbar ist.<\/p>\n\n\n\n<figure class=\"wp-block-image size-large\"><img loading=\"lazy\" decoding=\"async\" width=\"1000\" height=\"157\" src=\"https:\/\/www.advtime.eu\/wp-content\/uploads\/2020\/02\/Patchworkweb-1.jpg\" alt=\"Paetschman abwegig durch Thailand\" class=\"wp-image-202\" srcset=\"https:\/\/advtime.eu\/wp-content\/uploads\/2020\/02\/Patchworkweb-1.jpg 1000w, https:\/\/advtime.eu\/wp-content\/uploads\/2020\/02\/Patchworkweb-1-300x47.jpg 300w, https:\/\/advtime.eu\/wp-content\/uploads\/2020\/02\/Patchworkweb-1-768x121.jpg 768w\" sizes=\"auto, (max-width: 767px) 89vw, (max-width: 1000px) 54vw, (max-width: 1071px) 543px, 580px\" \/><figcaption>Abwegig durch Thailand \u00a9 Paetschman<\/figcaption><\/figure>\n\n\n\n<p>Thailand<br>Honda CM 500 X<\/p>\n","protected":false},"excerpt":{"rendered":"<p>Schon einmal ging es f\u00fcr Paetschman mit dem Motorrad in den Norden Thailands. Mit den zwei united T\u00e9n\u00e9risti Martin und Heiko auf gemieteten Kawasaki KLX 250 \/ 350 durch den Jungle zu fahren, war ein wahrer Genuss. Dabei zeigte die gef\u00fchrte Tour, was es alles in Thailand zu erleben gibt.Nun brechen Latus und Paetschman zu &hellip; <\/p>\n<p class=\"link-more\"><a href=\"https:\/\/advtime.eu\/index.php\/live-multivisionen\/paetschman-abwegig-durchs-goldene-dreieck\/\" class=\"more-link\"><span class=\"screen-reader-text\">\u201ePaetschman &#8211; Abwegig durchs goldene Dreieck\u201c<\/span> weiterlesen<\/a><\/p>\n","protected":false},"author":1,"featured_media":202,"parent":194,"menu_order":2016,"comment_status":"closed","ping_status":"closed","template":"","meta":{"footnotes":""},"class_list":["post-201","page","type-page","status-publish","has-post-thumbnail","hentry"],"_links":{"self":[{"href":"https:\/\/advtime.eu\/index.php\/wp-json\/wp\/v2\/pages\/201","targetHints":{"allow":["GET"]}}],"collection":[{"href":"https:\/\/advtime.eu\/index.php\/wp-json\/wp\/v2\/pages"}],"about":[{"href":"https:\/\/advtime.eu\/index.php\/wp-json\/wp\/v2\/types\/page"}],"author":[{"embeddable":true,"href":"https:\/\/advtime.eu\/index.php\/wp-json\/wp\/v2\/users\/1"}],"replies":[{"embeddable":true,"href":"https:\/\/advtime.eu\/index.php\/wp-json\/wp\/v2\/comments?post=201"}],"version-history":[{"count":3,"href":"https:\/\/advtime.eu\/index.php\/wp-json\/wp\/v2\/pages\/201\/revisions"}],"predecessor-version":[{"id":245,"href":"https:\/\/advtime.eu\/index.php\/wp-json\/wp\/v2\/pages\/201\/revisions\/245"}],"up":[{"embeddable":true,"href":"https:\/\/advtime.eu\/index.php\/wp-json\/wp\/v2\/pages\/194"}],"wp:featuredmedia":[{"embeddable":true,"href":"https:\/\/advtime.eu\/index.php\/wp-json\/wp\/v2\/media\/202"}],"wp:attachment":[{"href":"https:\/\/advtime.eu\/index.php\/wp-json\/wp\/v2\/media?parent=201"}],"curies":[{"name":"wp","href":"https:\/\/api.w.org\/{rel}","templated":true}]}}