{"id":151,"date":"2020-01-19T20:26:05","date_gmt":"2020-01-19T20:26:05","guid":{"rendered":"https:\/\/www.advtime.eu\/?page_id=151"},"modified":"2020-01-19T20:26:50","modified_gmt":"2020-01-19T20:26:50","slug":"2018-2","status":"publish","type":"page","link":"https:\/\/advtime.eu\/index.php\/vergangene-events-bei-ppp\/2018-2\/","title":{"rendered":"2018"},"content":{"rendered":"\n<h1 class=\"wp-block-heading\">Die Saison 2018 er\u00f6ffnete ich schon am 06. Januar 2018<\/h1>\n\n\n\n<p>mit einer Motorradabenteuerreise vom Westerwald nach Kasachstan und zur\u00fcck! Der neue bildgewaltige Multimediavortrag der <strong>Fahrbelwesen<\/strong> begeisterte nicht nur die Motorradfahrer unter den Zahlreich angereisten G\u00e4sten. Das sympathische Ehepaar erz\u00e4hlte von einer Reise, die 10 Wochen und 19.000km lang von Deutschland aus \u00fcber Polen, Litauen, Lettland und Russland \u00fcber den Ural durch Westsibirien nach Kasachstan f\u00fchrte. Nach einer gro\u00dfen Runde durch Kasachstan \u2013 die \u201eStra\u00dfen\u201c reichten von geteert \u00fcber Asphalt und Piste hin zu so gut wie unfahrbar &#8211; dabei ging es \u00fcber Russland, Georgien, T\u00fcrkei, Griechenland und Italien zur\u00fcck gen Deutschland.<br>Die Menschen, welche die beiden unterwegs trafen waren unbeschreiblich gastfreundlich und hilfsbereit. Sie beschrieben wie man in den unm\u00f6glichsten Situationen und einsamsten Regionen aus dem Nichts Hilfe bekommt und auch so L\u00e4nder und Menschen kennenlernt.<br>Der Zauber der Seidenstra\u00dfe zog alle in den Bann und so wurden nicht nur alle mit genommen auf eine gro\u00dfartige Reise, so mancher tr\u00e4umt noch heute von einer Reise in diese Region. Zumindest von 2 Zuschauern wei\u00df ich dass dieses Ziel noch 2018 angefahren werden wird. Somit hat das Reisevirus verbreiten wieder einmal hervorragend geklappt. Vielen Dank daf\u00fcr an die Fahrbelwesen.<\/p>\n\n\n\n<div class=\"wp-block-image size-large wp-image-4657\"><figure class=\"alignleft is-resized\"><img loading=\"lazy\" decoding=\"async\" src=\"http:\/\/unitedteneristi.de\/wp-content\/uploads\/2018\/01\/20180106_215621-1024x768.jpg\" alt=\"\" class=\"wp-image-4657\" width=\"256\" height=\"192\"\/><figcaption>Die Fahrbelwesen bei Paetschman Proudly Presents Januar 2018<\/figcaption><\/figure><\/div>\n\n\n\n<p><\/p>\n\n\n\n<p>Am Samstag<strong> 03. Februar 2018<\/strong> ging es wieder einmal in die weite Welt. <em>Dieses Mal <\/em>entf\u00fchrten uns Susanne und <strong>Thomas G\u00f6rtz<\/strong> auf die <strong>Seidenstrasse  &#8222;Seidenhart&#8220;<\/strong> <em>Auf den Spuren der alten <strong><a href=\"http:\/\/www.abenteuer-seidenstrasse.net\/index.php\/wohin-es-uns-zieht\/die-seidenstrasse\">Seidenstra\u00dfe<\/a><\/strong>, reisten wir mit bis nach China und Fernost. Wir erkundeten Tibet und den westlichen Himalaya , fuhren durch Nepal, um die Kumari von Bhaktapur zu sehen und f\u00fchlten die M\u00fchen und gro\u00dfartigen Erlebnisse auf dieser Abenteuerlichen Reise.<\/em> <em>Au\u00dfergew\u00f6hnliche Menschen kennen zu lernen und unbekannte Landschaften zu durchreisen war nun auch im Mad Dog Cronenberg wieder einmal m\u00f6glich. Und so manchem viel es nach der mitrei\u00dfenden Show schwer zu realisieren doch noch im winterlichen Wuppertal zu sitzen w\u00e4hrend der Kamin prasselt und uns Salvatore mit Pasta verw\u00f6hnte.<br><\/em><\/p>\n\n\n\n<div class=\"wp-block-image size-medium wp-image-4654\"><figure class=\"alignleft\"><img decoding=\"async\" src=\"http:\/\/unitedteneristi.de\/wp-content\/uploads\/2018\/01\/Seidenheaderhp1-300x86.jpg\" alt=\"\" class=\"wp-image-4654\"\/><figcaption>Paetschman Proudly Presents &#8222;Seidenstrasse &#8211; Seidenhart&#8220; 03.02.2018 19:30 Mad Dog Cronenberg<\/figcaption><\/figure><\/div>\n\n\n\n<p><\/p>\n\n\n\n<p>Das durchaus weitgereiste und durch gute Shows verw\u00f6hnte Publikum war wieder einmal Mucksm\u00e4usschen still und &#8222;durchfieberte&#8220; das ein oder andere Abenteuer der Reise. &#8222;Mitreissende Show&#8220;, &#8222;sympathisches Paar&#8220;, &#8222;Die beste Show die ich gesehen habe&#8230;&#8220;, &#8222;Grandios&#8220; und &#8222;War wirklich eine rundum sch\u00f6ne Show&#8220; sind nur ein paar der positiven Kommentare welche mir meine G\u00e4ste an diesem Abend und noch Tage danach mitgeteilt haben. Somit kann ich die Komplimente auf diesem Weg an Susanne und Thomas mit Freude weiter reichen und Augenzwinkernd auf ein wider sehen ansto\u00dfen&#8230;<\/p>\n\n\n\n<p>Herausforderungen gibt es viele und wer es wagt zu tr\u00e4umen, dem steht der Horizont offen. Unter diesem Motto hie\u00df es am<strong><br>10.3.2018 &#8222;Via Mediterra&#8220; <\/strong><br><strong>Dirk Sch\u00e4fer <\/strong>brachte das Publikum wieder einmal in Euphorie. W\u00e4hrend die meisten Ihre Reisen nur im Kopfkino erleben wagen es andere Ihre Tr\u00e4ume in die Tat um zu setzen. Dabei holt uns alle die Realit\u00e4t viel zu fr\u00fch wieder ein und mancher Traum der gestern noch m\u00f6glich war scheint oder ist uns heute nicht mehr M\u00f6glich. Gro\u00dfes Kino nenne ich es wenn jemand seinen Traum nicht nur in die Tat um setzt sondern ein H\u00e4ndchen hat diesen Traum auch in unseren K\u00f6pfen entstehen zu lassen. So k\u00f6nnen auch wir teilhaben an grandiosen Erlebnissen und unser Herz f\u00fcr das fremde \u00f6ffnen. Ohne Zweifel ist Dirk Sch\u00e4fer ein Meister dieser Kunst und Ihn wieder einmal auf der B\u00fchne des Mad Dog Cronenberg zu erleben war eine wahre Freude. <br><br>Am <strong>14. April 2018<\/strong> durfte ich wieder einmal eine NRW Premiere pr\u00e4sentieren <br><strong>AUF DEM WEG &#8211; S\u00fcdost Geschichten von Martin<\/strong> <strong>Brucker<\/strong><\/p>\n\n\n\n<p>Die komplette Reise hatte Martin, um dem etwas gerecht zu werden, in zwei Teile gegliedert. Im ersten Teil der Pr\u00e4sentation f\u00fchrte die Reise von&#8220;Welschensteinach&#8220;, Deutschland durch Europa, den Norden Afrikas, den mittleren Osten, Tibet und China, S\u00fcd-Ost Asien bis nach Australien und Neuseeland von wo sein Moped nach Santiago de Chile, Chile verschifft wurde und die Reise der ber\u00fchmten Ruta 40 bis nach Ushuaia in Argentinien (die s\u00fcdlichste Stadt der Welt) weiter ging. In Ushuaia ging Teil eins der Reise zu Ende f\u00fcr uns zu Ende und Martin hinterlie\u00df offen stehende M\u00fcnder. Das Publikum lag ihm absolut zu F\u00fc\u00dfen und sein Versprechen auch den 2. Teil zu zeigen wird vom Publikum definitiv eingefordert werden. Schon direkt nach der Show hie\u00df es &#8222;Wann kommt Martin mit dem 2. Teil wieder&#8220;?<\/p>\n\n\n\n<div class=\"wp-block-image size-full wp-image-4764\"><figure class=\"alignleft is-resized\"><img decoding=\"async\" src=\"http:\/\/unitedteneristi.de\/wp-content\/uploads\/2018\/05\/2018_04_14_5364.jpg\" alt=\"\" class=\"wp-image-4764\" width=\"300\"\/><figcaption>Paetschman Proudly Presents: Martin Brucker &#8211; Auf dem Weg (Teil 1)<\/figcaption><\/figure><\/div>\n\n\n\n<p> <\/p>\n\n\n\n<p><\/p>\n\n\n\n<p>Am<strong> 05. Mai 2018 <\/strong>durfte ich mit <strong>Ride for Hope Africa<\/strong> <em>eine Tour der Hoffnung<\/em> <em>f\u00fcr AIDS-Waisen in Afrika<\/em> mit S\u00f6ren D\u00f6rr pr\u00e4sentieren.<\/p>\n\n\n\n<figure class=\"wp-block-image\"><img decoding=\"async\" src=\"http:\/\/unitedteneristi.de\/wp-content\/uploads\/2018\/04\/R4Hheader1-300x169.jpg\" alt=\"\" class=\"wp-image-4726\"\/><\/figure>\n\n\n\n<p>Motorrad Fahren und dabei Gutes tun! Geht das \u00fcberhaupt? Klar, sagt <strong>S\u00f6ren D\u00f6rr<\/strong> der Organisator des <strong>Ride for Hope Africa<\/strong>. Im M\u00e4rz 2018 fuhr er mit zw\u00f6lf anderen Teilnehmern Wochenlang durch die W\u00fcste Namibias um Aufmerksamkeit zu erwecken, Spendengelder zu \u201eerfahren\u201c und dadurch Aids-Waisen zu helfen. W\u00e4hrend der 2400 Kilometer langen Tour durch die atemberaubende Natur Namibias auf Schotterpisten durch die Steppen und W\u00fcste Namibias wurden drei Einrichtungen der Organisation Christ\u2019s Hope International angefahren. Dort konnten die Teilnehmer die Arbeit der Organisation, die Kinder und deren Lebensumst\u00e4nde kennenlernen. Neben vielen Abenteuern, beeindruckender Natur und neuen Freundschaften konnten die Teilnehmer auch bewegende Schicksale kennenlernen und mit einer ge\u00e4nderten Sichtweise nach Hause zur\u00fcckkehren. \u00dcber dieses au\u00dfergew\u00f6hnliche Projekt berichtete S\u00f6ren D\u00f6rr im Mad Dog Cronenberg und eroberte damit auch die Herzen des sehr interessierten Publikums<\/p>\n\n\n\n<div class=\"wp-block-image size-full wp-image-4762\"><figure class=\"alignleft is-resized\"><img loading=\"lazy\" decoding=\"async\" src=\"http:\/\/unitedteneristi.de\/wp-content\/uploads\/2018\/05\/2018_05_05_5425.jpg\" alt=\"\" class=\"wp-image-4762\" width=\"400\" height=\"864\"\/><figcaption>Paetschman Proudly Presents: S\u00f6ren D\u00f6rr &#8211; Ride For Hope Africa<\/figcaption><\/figure><\/div>\n\n\n\n<p>.<\/p>\n\n\n\n<p><\/p>\n\n\n\n<p>Wie \u00fcberzeugend S\u00f6ren dabei war zeigt wohl auch, dass ich mich entschlossen habe die kompletten Einnahmen aus den Tickets des Abends an Christ\u00b4s Hope (Der Dachorganisation des Projektes) zu spenden. Auf dass es vielen Kindern hilft&#8230; Unterst\u00fctzt S\u00f6ren doch auch mit einer Spende oder fahrt bei der n\u00e4chsten Reise zum guten Zweck doch selber mit. (Wenn 2019schon aus gebucht ist)&#8230; Mehr Infos findet Ihr hier: <a href=\"http:\/\/www.ride-for-hope-africa.de\/aktuelles.html\">Christ\u00b4s Hope &#8211; Ride For Hope Africa<\/a><\/p>\n\n\n\n<p><strong>Am Wochenende 09. und 10.06.2018 hatte ich einmal mehr die Gelegenheit meine Passion das Motorradreisen mit einer Hilfsaktion zu verbinden und mich in den Dienst der guten Sache zu stellen.<\/strong><\/p>\n\n\n\n<p>Am gemeinsamen Stand mit <strong>Zoro Tools<\/strong> gab es am 9.6.18 es nicht nur viel Info \u00fcber edles Werkzeug sondern auch News zu meinem Herbstprogramm und interessante Gespr\u00e4che. Zusammen mit dem netten Team von Zoro Tools haben wir so einiges in die Kasse bekommen und der Organisation zu kommen lassen. Vielen Dank an alle Besucher.<\/p>\n\n\n\n<p>Am <strong>10.06.2018 <\/strong>ging das Programm an diesem Wochenende bei der<\/p>\n\n\n\n<p><a href=\"http:\/\/www.wz.de\/lokales\/wuppertal\/pr-specials\/wz-autoschau-wuppertal-2018\" target=\"_blank\" rel=\"noreferrer noopener\"><strong>3. WZ-Autoschau<\/strong><\/a><\/p>\n\n\n\n<p>weiter. Dieses Mal unter dem Motto &#8222;<strong>Mobilit\u00e4t heute und Morgen<\/strong>&#8222;.<\/p>\n\n\n\n<p>Auf dem Gel\u00e4nde des Campus Freudenberg gabt es in diesem Rahmen eine Menge zu sehen. Nicht nur zahlreiche H\u00e4ndler pr\u00e4sentierten was Zukunft bedeutet, auch ein ordentliches Rahmenprogramm brachte jede Menge Unterhaltung.<\/p>\n\n\n\n<p>Neben den vielen Attraktionen der Autoschau gab es so auch Ausschnitte aus meinem Programm zu sehen.<\/p>\n\n\n\n<div class=\"wp-block-image\"><figure class=\"aligncenter\"><img decoding=\"async\" src=\"http:\/\/unitedteneristi.de\/wp-content\/uploads\/2018\/06\/Plakat_Autoschau_Vortragsplan_2018-1.jpg\" alt=\"\" class=\"wp-image-4781\"\/><\/figure><\/div>\n\n\n\n<p>Am 06. Oktober 2018<\/p>\n\n\n\n<p>er\u00f6ffnete ich die Herbst \/ Winter Saison 2018 mit<\/p>\n\n\n\n<p><strong>Klaus H\u00fcbner<\/strong><\/p>\n\n\n\n<p>Mit seiner abenteuerlichen Reise durch <strong>Pamir, Iran und die Mongolei<\/strong><br>begeisterte Klaus das Publikum auf Anhieb.<\/p>\n\n\n\n<div class=\"wp-block-image size-medium wp-image-4845\"><figure class=\"aligncenter\"><img decoding=\"async\" src=\"http:\/\/unitedteneristi.de\/wp-content\/uploads\/2018\/10\/IMG_20181006_180710_8261-300x300.jpg\" alt=\"\" class=\"wp-image-4845\"\/><figcaption>Paetschman Proudly Presents: Klaus H\u00fcbner &#8211; Iran, Pamir, Mongolei am 06.10.2018<\/figcaption><\/figure><\/div>\n\n\n\n<p>Mit zahlreichen Bildern und vielen originalen Soundimpressionen aus den vielen Gegenden seiner Reise war es Klaus ein leichtes uns in die ferne zu katapultieren. Gefesselt lauschte das Publikum seinen Erz\u00e4hlungen. Mit seinen Top Verbindungen in der Mongolei erlebte Klaus zahlreiche Abenteuer und bewies immer wieder Erfindungsreichtum. Dabei war es seinem eisernen Willen zu verdanken, dass er nie aufgegeben hat auch wenn die Umst\u00e4nde es nicht immer einfach machten.<br>Das Klaus dabei echte Fan\u00b4s gewonnen hat zeigte sich nicht nur dadurch,dass wir noch bis in die Morgenstunden in einer Gruppe weiter &#8222;Benzin&#8220; geredet haben.<\/p>\n\n\n\n<p>Vielen Dank f\u00fcr einen tollen Abend und eine grandiose Show.<\/p>\n\n\n\n<figure class=\"wp-block-image size-large\"><img loading=\"lazy\" decoding=\"async\" width=\"275\" height=\"183\" src=\"https:\/\/www.advtime.eu\/wp-content\/uploads\/2020\/01\/image.jpeg\" alt=\"\" class=\"wp-image-152\"\/><\/figure>\n\n\n\n<p>Am <strong>03 November 2018 <\/strong>durfte ich noch einmal <strong>Dennis Cimimski Tees <\/strong>mit seiner neuen Show pr\u00e4sentieren.<\/p>\n\n\n\n<p>Paetschman Proudly Presents &#8222;Trans Asia&#8220; mit Dennis Ciminski Tees am 3. November 2018<\/p>\n\n\n\n<p><strong>\u201eThe long way home \u2013 Kurs West!\u201c<\/strong><br>Multivisions-Show von <strong>Dennis Ciminski-Tees<\/strong> (Fotos: Dennis Ciminski-Tees, Dr. Helge Bertling)<br>Sommer 2017 &#8211; 2 fremde Menschen finden zuf\u00e4llig zueinander \u2013 und beschlie\u00dfen das Abenteuer Ihres Lebens anzugehen.<br>Dennis Ciminski-Tees und Dr. Helge Bertling starten Ihre gemeinsame Tour von der Mongolei nach Hamburg, ohne sich pers\u00f6nlich zu kennen.<br>Auf Ihren Motorr\u00e4dern machen sich die Beiden auf den langen Weg nach Hause. Immer dem Sonnenuntergang entgegen. Immer mit dabei und quasi live berichtet das Wochenblatt \u00fcber das au\u00dfergew\u00f6hnliche Abenteuer der Beiden Motorrad-Enthusiasten<br>Start f\u00fcr die au\u00dfergew\u00f6hnliche Tour ist Ulan-Bator, wo die Beiden Ihre Maschinen wieder in Empfang nehmen und erst einmal Richtung Norden reisen. Ziel Baikal-See!<br>Der \u00e4lteste und tiefste S\u00fc\u00dfwasser-See der Erde, ist nicht nur f\u00fcr die beiden Abenteurer ein Sehnsuchtsziel \u2013 f\u00fcr viele Reisende ist der Baikal-See, der Inbegriff f\u00fcr Sibirien.<br>Vor Ihnen liegen gut 13.000 km Stra\u00dfe, oder was in anderen L\u00e4ndern als Stra\u00dfe durchgeht.<br>Doch nur durch die Ein\u00f6de Sibiriens, mit seinen endlos geraden Stra\u00dfen, w\u00e4re nur halb so sch\u00f6n und so entdecken die Beiden auch noch Teile der Zentralasiatischen Steppe, die Berge im wilden Kirgistan und das architektonisch wundervolle Samarkand!<br>Eine au\u00dfergew\u00f6hnliche Reise \u2013 voller wunderbarer Bilder, die zeigt, wie aus Fremden, Freunde werden!<br>Dar\u00fcber berichtete <strong>Dennis Ciminski-Tees<\/strong> in seiner neuen Multivisions-Show<br><strong>\u201eLong way home \u2013 Kurs West!\u201c<\/strong><\/p>\n\n\n\n<p>Der Saal kochte regelrecht und Dennis brannte ein Feuerwerk seiner Show ab. Eine w\u00fcrdige Veranstaltung f\u00fcr die letzte Show im <strong>Mad Dog Cronenberg<\/strong> f\u00fcr 2018<\/p>\n\n\n\n<p><strong>Der Kracher<\/strong><\/p>\n\n\n\n<p>am <strong>30. November 2018<\/strong><\/p>\n\n\n\n<p>durfte ich das Saisonfinale vom Paetschman Proudly Presents mit meiner Show<\/p>\n\n\n\n<p>Thailand abwegig mit den united Teneristi<\/p>\n\n\n\n<p>bei Kultur im Kontor regelrecht feiern.<\/p>\n\n\n\n<div class=\"wp-block-image\"><figure class=\"aligncenter\"><a href=\"Paetschman \"><img decoding=\"async\" src=\"http:\/\/unitedteneristi.de\/wp-content\/uploads\/2018\/12\/IMG_1146-300x200.jpg\" alt=\"\" class=\"wp-image-4921\"\/><\/a><figcaption>Paetschman Proudly Presents &#8222;Thailand Abwegig&#8220; 30. Nov. 2018 bei Kultur im Kontor<\/figcaption><\/figure><\/div>\n\n\n\n<p>Das bescherte mir auf der B\u00fchne, welche schon einigen musikalischen Schwergewichten einen grandiosen Auftritt geboten hat, einen gro\u00dfartige Auftritt und den Blick in begeisterte Gesichter meiner Besucher. W\u00e4hrend sich das zahlreich angereiste Publikum mit Show, leckerem Gr\u00fcnkohl von &#8222;Klaus kocht&#8220;, k\u00f6stlichen Getr\u00e4nken und leckerem Eis verw\u00f6hnen lie\u00df, d\u00fcrfte ich sie alle mitnehmen auf eine spontane Reise durch Thailand mit Abenteuercharakter.<br>Das anschlie\u00dfende Feedback meiner G\u00e4ste hat mich \u00fcberw\u00e4ltigt und noch heute habe ich ein breites Grinsen auf dem Gesicht, welches durchaus mit dem leuchten der Augen meiner G\u00e4ste mithalten kann.<\/p>\n\n\n\n<div class=\"wp-block-image size-medium wp-image-4922\"><figure class=\"aligncenter\"><img decoding=\"async\" src=\"http:\/\/unitedteneristi.de\/wp-content\/uploads\/2018\/12\/IMG_1190-300x200.jpg\" alt=\"\" class=\"wp-image-4922\"\/><figcaption>Paetschman Proudly Presents &#8222;Thailand Abwegig&#8220; 30. November 2018 bei Kultur im Kontor<\/figcaption><\/figure><\/div>\n\n\n\n<p>Vielen Dank an Christoph Kuberka der an diesem Abend alles gegeben hat und sich selbst bei der Versorgung der G\u00e4ste \u00fcbertroffen hat. Da seine Hilfe an diesem Abend leider erkrankt war schlug er sich doppelt und hatte doch alles im Griff. Auch die Cronenberger Woche (vertreten durch Olli Grundhoff) hat viel zum Gelingen des Abends bei getragen. Und das nicht nur mit der Verlosung von 2 Freikarten. Schon jetzt habe ich viele Tr\u00e4nen im Knopfloch erleben d\u00fcrfen weil wir auf die Kochk\u00fcnste von &#8222;Klaus Kocht&#8220; ab 2019 wohl verzichten m\u00fcssen. Der Gr\u00fcnkohl war k\u00f6stlich und daher auch bald vergriffen.<\/p>\n\n\n\n<p>Ich freue mich schon jetzt auf die neue Saison 2019 bei der ich Euch schon jetzt einige &#8222;Leckerbissen&#8220; versprechen kann.<\/p>\n","protected":false},"excerpt":{"rendered":"<p>Die Saison 2018 er\u00f6ffnete ich schon am 06. Januar 2018 mit einer Motorradabenteuerreise vom Westerwald nach Kasachstan und zur\u00fcck! Der neue bildgewaltige Multimediavortrag der Fahrbelwesen begeisterte nicht nur die Motorradfahrer unter den Zahlreich angereisten G\u00e4sten. Das sympathische Ehepaar erz\u00e4hlte von einer Reise, die 10 Wochen und 19.000km lang von Deutschland aus \u00fcber Polen, Litauen, Lettland &hellip; <\/p>\n<p class=\"link-more\"><a href=\"https:\/\/advtime.eu\/index.php\/vergangene-events-bei-ppp\/2018-2\/\" class=\"more-link\"><span class=\"screen-reader-text\">\u201e2018\u201c<\/span> weiterlesen<\/a><\/p>\n","protected":false},"author":1,"featured_media":0,"parent":129,"menu_order":2018,"comment_status":"closed","ping_status":"closed","template":"","meta":{"footnotes":""},"class_list":["post-151","page","type-page","status-publish","hentry"],"_links":{"self":[{"href":"https:\/\/advtime.eu\/index.php\/wp-json\/wp\/v2\/pages\/151","targetHints":{"allow":["GET"]}}],"collection":[{"href":"https:\/\/advtime.eu\/index.php\/wp-json\/wp\/v2\/pages"}],"about":[{"href":"https:\/\/advtime.eu\/index.php\/wp-json\/wp\/v2\/types\/page"}],"author":[{"embeddable":true,"href":"https:\/\/advtime.eu\/index.php\/wp-json\/wp\/v2\/users\/1"}],"replies":[{"embeddable":true,"href":"https:\/\/advtime.eu\/index.php\/wp-json\/wp\/v2\/comments?post=151"}],"version-history":[{"count":2,"href":"https:\/\/advtime.eu\/index.php\/wp-json\/wp\/v2\/pages\/151\/revisions"}],"predecessor-version":[{"id":154,"href":"https:\/\/advtime.eu\/index.php\/wp-json\/wp\/v2\/pages\/151\/revisions\/154"}],"up":[{"embeddable":true,"href":"https:\/\/advtime.eu\/index.php\/wp-json\/wp\/v2\/pages\/129"}],"wp:attachment":[{"href":"https:\/\/advtime.eu\/index.php\/wp-json\/wp\/v2\/media?parent=151"}],"curies":[{"name":"wp","href":"https:\/\/api.w.org\/{rel}","templated":true}]}}