{"id":129,"date":"2020-01-19T18:06:48","date_gmt":"2020-01-19T18:06:48","guid":{"rendered":"https:\/\/www.advtime.eu\/?page_id=129"},"modified":"2025-12-26T18:03:03","modified_gmt":"2025-12-26T17:03:03","slug":"vergangene-events-bei-ppp","status":"publish","type":"page","link":"https:\/\/advtime.eu\/index.php\/vergangene-events-bei-ppp\/","title":{"rendered":"PPP Historie"},"content":{"rendered":"\n<p>Schaut Euch die Multivisionen der letzten Jahre einmal an. Viele Rookies und namenhafte Gr\u00f6\u00dfen der Szene sind bereits bei &#8222;Paetschman Proudly Presents&#8220; aufgetreten und haben \u00fcber viele &#8222;Ecken&#8220; der Welt berichtet uns somit Augen ge\u00f6ffnet uns den Reisevirus geweckt.  Auch auf diesem Weg tr\u00e4gt PPP zu einer offenen Gesellschaft bei und f\u00f6rdert respektvolles Miteinander \u00fcber Grenzen hinweg.<\/p>\n\n\n\n<p><a href=\"https:\/\/www.advtime.eu\/index.php\/vergangene-events-bei-ppp\/2009-bis-2011\/\">Bis 2011<\/a><\/p>\n\n\n\n<p><a href=\"https:\/\/www.advtime.eu\/index.php\/vergangene-events-bei-ppp\/2012-2\/\">2012<\/a><\/p>\n\n\n\n<p><a href=\"https:\/\/www.advtime.eu\/index.php\/vergangene-events-bei-ppp\/2013-2\/\">2013<\/a><\/p>\n\n\n\n<p><a href=\"https:\/\/www.advtime.eu\/index.php\/vergangene-events-bei-ppp\/2014-2\/\">2014<\/a><\/p>\n\n\n\n<p><a href=\"https:\/\/www.advtime.eu\/index.php\/vergangene-events-bei-ppp\/2015-2\/\">2015<\/a><\/p>\n\n\n\n<p><a href=\"https:\/\/www.advtime.eu\/index.php\/vergangene-events-bei-ppp\/2016-2\/\">2016<\/a><\/p>\n\n\n\n<p><a href=\"https:\/\/www.advtime.eu\/index.php\/vergangene-events-bei-ppp\/2017-2\/\">2017<\/a><\/p>\n\n\n\n<p><a href=\"https:\/\/www.advtime.eu\/index.php\/vergangene-events-bei-ppp\/2018-2\/\">2018<\/a><\/p>\n\n\n\n<p><a href=\"https:\/\/www.advtime.eu\/index.php\/vergangene-events-bei-ppp\/2019-2\/\">2019<\/a><\/p>\n\n\n\n<p><a href=\"https:\/\/advtime.eu\/wp-admin\/post.php?post=222&amp;action=edit\">2020<\/a><\/p>\n\n\n\n<p><a href=\"https:\/\/advtime.eu\/index.php\/vergangene-events-bei-ppp\/407-2\/\">2021<\/a><\/p>\n\n\n\n<p><a href=\"https:\/\/advtime.eu\/wp-admin\/post.php?post=475&amp;action=edit\">2022<\/a><\/p>\n\n\n\n<p><a href=\"https:\/\/advtime.eu\/wp-admin\/post.php?post=538&amp;action=edit\">2023<\/a><\/p>\n\n\n\n<p><a href=\"https:\/\/advtime.eu\/index.php\/vergangene-events-bei-ppp\/2024-2\/\">2024<\/a><\/p>\n\n\n\n<p><a href=\"https:\/\/advtime.eu\/index.php\/vergangene-events-bei-ppp\/programm-2025\/\">2025<\/a><\/p>\n\n\n\n<p><\/p>\n","protected":false},"excerpt":{"rendered":"<p>Schaut Euch die Multivisionen der letzten Jahre einmal an. Viele Rookies und namenhafte Gr\u00f6\u00dfen der Szene sind bereits bei &#8222;Paetschman Proudly Presents&#8220; aufgetreten und haben \u00fcber viele &#8222;Ecken&#8220; der Welt berichtet uns somit Augen ge\u00f6ffnet uns den Reisevirus geweckt. Auch auf diesem Weg tr\u00e4gt PPP zu einer offenen Gesellschaft bei und f\u00f6rdert respektvolles Miteinander \u00fcber &hellip; <\/p>\n<p class=\"link-more\"><a href=\"https:\/\/advtime.eu\/index.php\/vergangene-events-bei-ppp\/\" class=\"more-link\"><span class=\"screen-reader-text\">\u201ePPP Historie\u201c<\/span> weiterlesen<\/a><\/p>\n","protected":false},"author":1,"featured_media":164,"parent":0,"menu_order":0,"comment_status":"closed","ping_status":"closed","template":"","meta":{"footnotes":""},"class_list":["post-129","page","type-page","status-publish","has-post-thumbnail","hentry"],"_links":{"self":[{"href":"https:\/\/advtime.eu\/index.php\/wp-json\/wp\/v2\/pages\/129","targetHints":{"allow":["GET"]}}],"collection":[{"href":"https:\/\/advtime.eu\/index.php\/wp-json\/wp\/v2\/pages"}],"about":[{"href":"https:\/\/advtime.eu\/index.php\/wp-json\/wp\/v2\/types\/page"}],"author":[{"embeddable":true,"href":"https:\/\/advtime.eu\/index.php\/wp-json\/wp\/v2\/users\/1"}],"replies":[{"embeddable":true,"href":"https:\/\/advtime.eu\/index.php\/wp-json\/wp\/v2\/comments?post=129"}],"version-history":[{"count":14,"href":"https:\/\/advtime.eu\/index.php\/wp-json\/wp\/v2\/pages\/129\/revisions"}],"predecessor-version":[{"id":1084,"href":"https:\/\/advtime.eu\/index.php\/wp-json\/wp\/v2\/pages\/129\/revisions\/1084"}],"wp:featuredmedia":[{"embeddable":true,"href":"https:\/\/advtime.eu\/index.php\/wp-json\/wp\/v2\/media\/164"}],"wp:attachment":[{"href":"https:\/\/advtime.eu\/index.php\/wp-json\/wp\/v2\/media?parent=129"}],"curies":[{"name":"wp","href":"https:\/\/api.w.org\/{rel}","templated":true}]}}